{"id":883,"date":"2017-11-24T08:41:33","date_gmt":"2017-11-24T08:41:33","guid":{"rendered":"http:\/\/test.gadoros.hu\/?page_id=883"},"modified":"2022-05-24T13:23:59","modified_gmt":"2022-05-24T11:23:59","slug":"top-3-2-1-15-bs1-2016-00030-hivatal","status":"publish","type":"page","link":"http:\/\/gadoros.hu\/?page_id=883","title":{"rendered":"TOP-3.2.1-15-BS1-2016-00030 &#8211; Hivatal"},"content":{"rendered":"<p><strong>Kedvezm\u00e9nyezett neve: G\u00e1doros Nagyk\u00f6zs\u00e9g \u00d6nkorm\u00e1nyzata<\/strong><br \/>\n<strong>Projekt azonos\u00edt\u00f3sz\u00e1ma: TOP-3.2.1-15-BS1-2016-00030<\/strong><br \/>\n<strong>Projekt c\u00edme: G\u00e1doros Polg\u00e1rmesteri Hivatal \u00e9p\u00fclet\u00e9nek energetikai fel\u00faj\u00edt\u00e1sa<\/strong><br \/>\n<strong>Szerz\u0151d\u00f6tt t\u00e1mogat\u00e1s \u00f6sszege: 99 932 643,- forint<\/strong><br \/>\n<strong>T\u00e1mogat\u00e1s m\u00e9rt\u00e9ke: 100 %<\/strong><\/p>\n<hr \/>\n<p>A projekt c\u00e9lja az \u00e9p\u00fclet racion\u00e1lisabb energiagazd\u00e1lkod\u00e1s\u00e1nak el\u0151seg\u00edt\u00e9se volt, \u00edgy a fejleszt\u00e9ssel cs\u00f6kkent a fosszilis energiahordoz\u00f3kb\u00f3l sz\u00e1rmaz\u00f3 \u00fcvegh\u00e1zhat\u00e1s\u00fa g\u00e1zok (\u00dcHG) kibocs\u00e1t\u00e1sa. <strong>A korszer\u0171s\u00edt\u00e9s el\u0151tt<\/strong> az \u00e9p\u00fclet energetikai min\u0151s\u00e9g szerinti besorol\u00e1sa<strong> \u201eHH\u201d, azaz \u201egyenge\u201d<\/strong> min\u0151s\u00edt\u00e9s\u0171 volt. Az \u00e9p\u00fclet a fejleszt\u00e9s eredm\u00e9nyek\u00e9ppen imm\u00e1r <strong>\u201eBB\u201d,<\/strong> azaz <strong>\u201ek\u00f6zel nulla energiaig\u00e9nyre vonatkoz\u00f3 k\u00f6vetelm\u00e9nyeknek megfelel\u0151\u201d<\/strong> energetikai besorol\u00e1ssal rendelkezik.<\/p>\n<p>A korszer\u0171s\u00edt\u00e9ssel <strong>\u00e9ves szinten mintegy 50 tonna CO2 (sz\u00e9n-dioxid)<\/strong> egyen\u00e9rt\u00e9k\u0171 \u00fcvegh\u00e1zhat\u00e1s\u00fa g\u00e1z cs\u00f6kkent\u00e9st \u00e9rt\u00fcnk el, a napelemes rendszer telep\u00edt\u00e9s\u00e9vel egy\u00fattal pedig <strong>a meg\u00fajul\u00f3 energiaforr\u00e1sb\u00f3l el\u0151\u00e1ll\u00edtott energia r\u00e9szar\u00e1ny\u00e1t n\u00f6velt\u00fck.<\/strong><\/p>\n<p><strong><u>A fejleszt\u00e9s sor\u00e1n, az \u00e9p\u00fclet m\u0171k\u00f6d\u00e9si k\u00f6lts\u00e9g\u00e9nek cs\u00f6kkent\u00e9se, valamint a fenntarthat\u00f3bb m\u0171k\u00f6d\u00e9tet\u00e9s \u00e9rdek\u00e9ben az al\u00e1bbi energetikai beavatkoz\u00e1sok val\u00f3sultak meg:<\/u><\/strong><\/p>\n<ul>\n<li>Ut\u00f3lagos k\u00fcls\u0151 oldali h\u0151szigetel\u00e9s<\/li>\n<li>Lapostet\u0151 h\u0151szigetel\u00e9se<\/li>\n<li>Ny\u00edl\u00e1sz\u00e1r\u00f3k cser\u00e9je<\/li>\n<li>Napelemes rendszer telep\u00edt\u00e9se<\/li>\n<li>F\u0171t\u00e9si rendszer korszer\u0171s\u00edt\u00e9se (h\u0151szivatty\u00fa, fan-coil f\u0171t\u00e9si rendszer)<\/li>\n<\/ul>\n<p>Az energetikai fejleszt\u00e9ssel egyidej\u0171leg, G\u00e1doros Nagyk\u00f6zs\u00e9g \u00d6nkorm\u00e1nyzata a Felh\u00edv\u00e1s szerinti k\u00f6telez\u0151en megval\u00f3s\u00edtand\u00f3, \u00fagynevezett projektar\u00e1nyos akad\u00e1lymentes\u00edt\u00e9st is teljes\u00edtette.<\/p>\n<p>A projekt fizikai befejez\u00e9s\u00e9nek id\u0151pontja: <strong>2022.03.31.<\/strong><\/p>\n<p>A projekt eur\u00f3pai uni\u00f3s t\u00e1mogat\u00e1s seg\u00edts\u00e9g\u00e9vel, a Sz\u00e9chenyi 2020 program keret\u00e9ben val\u00f3sult meg.<\/p>\n<p><a href=\"http:\/\/gadoros.hu\/wp-content\/uploads\/2022\/05\/Eur\u00f3pai-Region\u00e1lis-Fejleszt\u00e9si-Alap.jpg\"><img loading=\"lazy\" decoding=\"async\" class=\"size-medium wp-image-3438 alignright\" src=\"http:\/\/gadoros.hu\/wp-content\/uploads\/2022\/05\/Eur\u00f3pai-Region\u00e1lis-Fejleszt\u00e9si-Alap-300x207.jpg\" alt=\"\" width=\"300\" height=\"207\" srcset=\"http:\/\/gadoros.hu\/wp-content\/uploads\/2022\/05\/Eur\u00f3pai-Region\u00e1lis-Fejleszt\u00e9si-Alap-300x207.jpg 300w, http:\/\/gadoros.hu\/wp-content\/uploads\/2022\/05\/Eur\u00f3pai-Region\u00e1lis-Fejleszt\u00e9si-Alap-768x531.jpg 768w, http:\/\/gadoros.hu\/wp-content\/uploads\/2022\/05\/Eur\u00f3pai-Region\u00e1lis-Fejleszt\u00e9si-Alap-624x431.jpg 624w, http:\/\/gadoros.hu\/wp-content\/uploads\/2022\/05\/Eur\u00f3pai-Region\u00e1lis-Fejleszt\u00e9si-Alap.jpg 996w\" sizes=\"(max-width: 300px) 100vw, 300px\" \/><\/a><\/p>\n","protected":false},"excerpt":{"rendered":"<p>Kedvezm\u00e9nyezett neve: G\u00e1doros Nagyk\u00f6zs\u00e9g \u00d6nkorm\u00e1nyzata Projekt azonos\u00edt\u00f3sz\u00e1ma: TOP-3.2.1-15-BS1-2016-00030 Projekt c\u00edme: G\u00e1doros Polg\u00e1rmesteri Hivatal \u00e9p\u00fclet\u00e9nek energetikai fel\u00faj\u00edt\u00e1sa Szerz\u0151d\u00f6tt t\u00e1mogat\u00e1s \u00f6sszege: 99 932 643,- forint T\u00e1mogat\u00e1s m\u00e9rt\u00e9ke: 100 % A projekt c\u00e9lja az \u00e9p\u00fclet racion\u00e1lisabb energiagazd\u00e1lkod\u00e1s\u00e1nak el\u0151seg\u00edt\u00e9se volt, \u00edgy a fejleszt\u00e9ssel cs\u00f6kkent a fosszilis energiahordoz\u00f3kb\u00f3l sz\u00e1rmaz\u00f3 \u00fcvegh\u00e1zhat\u00e1s\u00fa g\u00e1zok (\u00dcHG) kibocs\u00e1t\u00e1sa. A korszer\u0171s\u00edt\u00e9s el\u0151tt az \u00e9p\u00fclet energetikai min\u0151s\u00e9g [&hellip;]<\/p>\n","protected":false},"author":1,"featured_media":0,"parent":0,"menu_order":0,"comment_status":"closed","ping_status":"closed","template":"","meta":{"footnotes":""},"_links":{"self":[{"href":"http:\/\/gadoros.hu\/index.php?rest_route=\/wp\/v2\/pages\/883"}],"collection":[{"href":"http:\/\/gadoros.hu\/index.php?rest_route=\/wp\/v2\/pages"}],"about":[{"href":"http:\/\/gadoros.hu\/index.php?rest_route=\/wp\/v2\/types\/page"}],"author":[{"embeddable":true,"href":"http:\/\/gadoros.hu\/index.php?rest_route=\/wp\/v2\/users\/1"}],"replies":[{"embeddable":true,"href":"http:\/\/gadoros.hu\/index.php?rest_route=%2Fwp%2Fv2%2Fcomments&post=883"}],"version-history":[{"count":11,"href":"http:\/\/gadoros.hu\/index.php?rest_route=\/wp\/v2\/pages\/883\/revisions"}],"predecessor-version":[{"id":3439,"href":"http:\/\/gadoros.hu\/index.php?rest_route=\/wp\/v2\/pages\/883\/revisions\/3439"}],"wp:attachment":[{"href":"http:\/\/gadoros.hu\/index.php?rest_route=%2Fwp%2Fv2%2Fmedia&parent=883"}],"curies":[{"name":"wp","href":"https:\/\/api.w.org\/{rel}","templated":true}]}}

<p><strong>Kedvezményezett neve: Gádoros Nagyközség Önkormányzata</strong><br />
<strong>Projekt azonosítószáma: TOP-3.2.1-15-BS1-2016-00030</strong><br />
<strong>Projekt címe: Gádoros Polgármesteri Hivatal épületének energetikai felújítása</strong><br />
<strong>Szerződött támogatás összege: 99 932 643,- forint</strong><br />
<strong>Támogatás mértéke: 100 %</strong></p>
<hr />
<p>A projekt célja az épület racionálisabb energiagazdálkodásának elősegítése volt, így a fejlesztéssel csökkent a fosszilis energiahordozókból származó üvegházhatású gázok (ÜHG) kibocsátása. <strong>A korszerűsítés előtt</strong> az épület energetikai minőség szerinti besorolása<strong> „HH”, azaz „gyenge”</strong> minősítésű volt. Az épület a fejlesztés eredményeképpen immár <strong>„BB”,</strong> azaz <strong>„közel nulla energiaigényre vonatkozó követelményeknek megfelelő”</strong> energetikai besorolással rendelkezik.</p>
<p>A korszerűsítéssel <strong>éves szinten mintegy 50 tonna CO2 (szén-dioxid)</strong> egyenértékű üvegházhatású gáz csökkentést értünk el, a napelemes rendszer telepítésével egyúttal pedig <strong>a megújuló energiaforrásból előállított energia részarányát növeltük.</strong></p>
<p><strong><u>A fejlesztés során, az épület működési költségének csökkentése, valamint a fenntarthatóbb működétetés érdekében az alábbi energetikai beavatkozások valósultak meg:</u></strong></p>
<ul>
<li>Utólagos külső oldali hőszigetelés</li>
<li>Lapostető hőszigetelése</li>
<li>Nyílászárók cseréje</li>
<li>Napelemes rendszer telepítése</li>
<li>Fűtési rendszer korszerűsítése (hőszivattyú, fan-coil fűtési rendszer)</li>
</ul>
<p>Az energetikai fejlesztéssel egyidejűleg, Gádoros Nagyközség Önkormányzata a Felhívás szerinti kötelezően megvalósítandó, úgynevezett projektarányos akadálymentesítést is teljesítette.</p>
<p>A projekt fizikai befejezésének időpontja: <strong>2022.03.31.</strong></p>
<p>A projekt európai uniós támogatás segítségével, a Széchenyi 2020 program keretében valósult meg.</p>
<p><a href="http://gadoros.hu/wp-content/uploads/2022/05/Európai-Regionális-Fejlesztési-Alap.jpg"><img loading="lazy" decoding="async" class="size-medium wp-image-3438 alignright" src="http://gadoros.hu/wp-content/uploads/2022/05/Európai-Regionális-Fejlesztési-Alap-300x207.jpg" alt="" width="300" height="207" srcset="http://gadoros.hu/wp-content/uploads/2022/05/Európai-Regionális-Fejlesztési-Alap-300x207.jpg 300w, http://gadoros.hu/wp-content/uploads/2022/05/Európai-Regionális-Fejlesztési-Alap-768x531.jpg 768w, http://gadoros.hu/wp-content/uploads/2022/05/Európai-Regionális-Fejlesztési-Alap-624x431.jpg 624w, http://gadoros.hu/wp-content/uploads/2022/05/Európai-Regionális-Fejlesztési-Alap.jpg 996w" sizes="(max-width: 300px) 100vw, 300px" /></a></p>

<p>Kedvezményezett neve: Gádoros Nagyközség Önkormányzata Projekt azonosítószáma: TOP-3.2.1-15-BS1-2016-00030 Projekt címe: Gádoros Polgármesteri Hivatal épületének energetikai felújítása Szerződött támogatás összege: 99 932 643,- forint Támogatás mértéke: 100 % A projekt célja az épület racionálisabb energiagazdálkodásának elősegítése volt, így a fejlesztéssel csökkent a fosszilis energiahordozókból származó üvegházhatású gázok (ÜHG) kibocsátása. A korszerűsítés előtt az épület energetikai minőség [&hellip;]</p>
