{"id":856,"date":"2017-11-23T12:42:47","date_gmt":"2017-11-23T12:42:47","guid":{"rendered":"http:\/\/test.gadoros.hu\/?page_id=856"},"modified":"2023-10-10T09:16:38","modified_gmt":"2023-10-10T07:16:38","slug":"top-1-1-3-15-bs1-2016-00041-piac","status":"publish","type":"page","link":"http:\/\/gadoros.hu\/?page_id=856","title":{"rendered":"TOP-1.1.3-15-BS1-2016-00041 &#8211; Piac"},"content":{"rendered":"<p><img loading=\"lazy\" decoding=\"async\" class=\"alignright wp-image-857 size-full\" src=\"http:\/\/test.gadoros.hu\/wp-content\/uploads\/2017\/11\/piaclogo.png\" alt=\"\" width=\"436\" height=\"301\" srcset=\"http:\/\/gadoros.hu\/wp-content\/uploads\/2017\/11\/piaclogo.png 436w, http:\/\/gadoros.hu\/wp-content\/uploads\/2017\/11\/piaclogo-300x207.png 300w\" sizes=\"(max-width: 436px) 100vw, 436px\" \/><\/p>\n<p>Projekt azonos\u00edt\u00f3 sz\u00e1ma: <strong>TOP-1.1.3-15-BS1-2016-00041<\/strong><br \/>Projekt c\u00edme: Piac gazdas\u00e1gfejleszt\u00e9se G\u00e1doroson<br \/>Kedvezm\u00e9nyezett neve: G\u00e1doros Nagyk\u00f6zs\u00e9g \u00d6nkorm\u00e1nyzata<br \/>Szerz\u0151d\u00f6tt t\u00e1mogat\u00e1s \u00f6sszege: 41.458.540,- Ft<br \/>T\u00e1mogat\u00e1s m\u00e9rt\u00e9ke: 100%<br \/><strong>Projekt befejez\u00e9si d\u00e1tuma<\/strong>: 2023. 08. 31.<\/p>\n<p><strong>A projekt m\u00e9rf\u00f6ldk\u00f6vei:<\/strong><br \/>1. m\u00e9rf\u00f6ldk\u0151: 2018. 03. 10.<br \/>2. m\u00e9rf\u00f6ldk\u0151: 2018. 05. 29.<br \/>3. m\u00e9rf\u00f6ldk\u0151: 2020. 07. 29.<br \/>4. m\u00e9rf\u00f6ldk\u0151: 2020. 10. 31.<br \/>5. m\u00e9rf\u00f6ldk\u0151: 2021. 02. 20.<br \/>6. m\u00e9rf\u00f6ldk\u0151: 2021. 08. 31.<br \/>7. m\u00e9rf\u00f6ldk\u0151: 2023. 07. 31.<br \/>8. m\u00e9rf\u00f6ldk\u0151: 2023. 08. 31.<\/p>\n<p><strong>A projekt tartalm\u00e1nak bemutat\u00e1sa:<\/strong><\/p>\n<p>A projekt keret\u00e9ben v\u00e9gzett beruh\u00e1z\u00e1s sor\u00e1n a megl\u00e9v\u0151 termel\u0151i piac, 3 db fedett (darabonk\u00e9nt 14,72 m2 alapter\u00fclet\u0171 \u00e9s 2,48 m \u00e9p\u00edtm\u00e9nymagass\u00e1g\u00fa erny\u0151s kialak\u00edt\u00e1s\u00fa f\u00f6ldszintes, szerkezete ac\u00e9l \u00e9s vasbeton, pultokkal ell\u00e1tva) \u00e1rus\u00edt\u00f3 hellyel t\u00f6rt\u00e9n\u0151 b\u0151v\u00edt\u00e9se t\u00f6rt\u00e9nt meg. Szoci\u00e1lis blokk egy k\u00fcl\u00f6n \u00e1ll\u00f3 \u00e9p\u00fcletben l\u00e9tes\u00fclt, a termel\u0151i piachoz parkol\u00f3 \u00e9s ker\u00e9kp\u00e1r t\u00e1rol\u00f3 kialak\u00edt\u00e1sa is megt\u00f6rt\u00e9nt. Az \u00e1rus\u00edt\u00f3helyek tekintet\u00e9ben 3 db (\u00e1rus\u00edt\u00f3 helyenk\u00e9nt 1-1 db) \u00faj kandel\u00e1ber telep\u00edt\u00e9se is megt\u00f6rt\u00e9nt, tov\u00e1bb\u00e1 a 3 m\u00e9teres oszlopokon 6 db biztons\u00e1gi kamerarendszer is ki\u00e9p\u00edt\u00e9sre ker\u00fclt. A projekttel \u00e9rintett \u00e9p\u00edtm\u00e9nyen v\u00e9grehajtott infrastruktur\u00e1lis beruh\u00e1z\u00e1s minden tev\u00e9kenys\u00e9gelem\u00e9nek v\u00e9grehajt\u00e1sa sor\u00e1n \u00e9rv\u00e9nyes\u00edt\u00e9sre ker\u00fcltek a sz\u00fcks\u00e9ges energiahat\u00e9konys\u00e1gi korszer\u0171s\u00edt\u00e9s szempontjai, tov\u00e1bb\u00e1 az el\u0151\u00edrt akad\u00e1lymentes\u00edt\u00e9si k\u00f6telezetts\u00e9gnek is eleget tett\u00fcnk.<\/p>\n<p>A p\u00e1ly\u00e1zat beny\u00fajt\u00e1s\u00e1val hossz\u00fa t\u00e1v\u00fa c\u00e9lk\u00e9nt ker\u00fclt meghat\u00e1roz\u00e1sra a telep\u00fcl\u00e9s n\u00e9pess\u00e9gmegtart\u00f3 erej\u00e9nek n\u00f6vel\u00e9se \u00e9s a helyi szerepl\u0151k j\u00f6vedelemtermel\u0151 k\u00e9pess\u00e9g\u00e9nek jav\u00edt\u00e1sa. A projekt specifikus vagy r\u00f6vid t\u00e1v\u00fa c\u00e9ljai a helyi mez\u0151gazdas\u00e1gi termel\u00e9si felt\u00e9telek jav\u00edt\u00e1sa a helyi termel\u0151k \u00e9s mez\u0151gazdas\u00e1gi v\u00e1llalkoz\u00f3k vagy v\u00e1llalkozni v\u00e1gy\u00f3k t\u00e1mogat\u00e1sa \u00e9rdek\u00e9ben az \u00e9rt\u00e9kes\u00edt\u00e9s k\u00f6r\u00fclm\u00e9nyeinek jav\u00edt\u00e1sa, a helyi lakosok, illetve l\u00e1togat\u00f3k k\u00f6r\u00e9ben a helyi piac n\u00e9pszer\u0171s\u00edt\u00e9se. K\u00f6zvetett c\u00e9lk\u00e9nt ker\u00fclt kit\u0171z\u00e9sre a k\u00f6z\u00e9tkeztet\u00e9s \u00e9s a fogyaszt\u00f3k helyi term\u00e9kekkel val\u00f3 ell\u00e1t\u00e1s\u00e1nak biztos\u00edt\u00e1sa, a munkan\u00e9lk\u00fclis\u00e9g m\u00e9rt\u00e9k\u00e9nek cs\u00f6kkent\u00e9se.<\/p>\n<p>A t\u00e1rgyi projekt keret\u00e9ben elv\u00e9gzett fejleszt\u00e9s hozz\u00e1j\u00e1rult a projekttel kapcsolatos c\u00e9lkit\u0171z\u00e9sek megval\u00f3s\u00edt\u00e1s\u00e1hoz, tov\u00e1bb\u00e1 a kit\u0171z\u00f6tt eredm\u00e9nyek folyamatos fenntart\u00e1s\u00e1hoz.<\/p>\n<p>\u00a0<\/p>\n<p>A megval\u00f3s\u00edt\u00e1s helysz\u00edne: 5932 G\u00e1doros, Kossuth utca 10.(hrsz: 764\/2)<\/p>\n<p>T\u00e1mogat\u00e1s \u00f6sszege: 41,46 milli\u00f3 Ft<\/p>\n<p>A projekt fizikai befejez\u00e9s\u00e9nek id\u0151pontja: 2023.08.31.<\/p>\n<p><img loading=\"lazy\" decoding=\"async\" class=\"alignright wp-image-885\" src=\"http:\/\/test.gadoros.hu\/wp-content\/uploads\/2017\/11\/toplogo2.jpg\" alt=\"\" width=\"436\" height=\"301\" srcset=\"http:\/\/gadoros.hu\/wp-content\/uploads\/2017\/11\/toplogo2.jpg 1453w, http:\/\/gadoros.hu\/wp-content\/uploads\/2017\/11\/toplogo2-300x207.jpg 300w, http:\/\/gadoros.hu\/wp-content\/uploads\/2017\/11\/toplogo2-768x531.jpg 768w, http:\/\/gadoros.hu\/wp-content\/uploads\/2017\/11\/toplogo2-1024x708.jpg 1024w, http:\/\/gadoros.hu\/wp-content\/uploads\/2017\/11\/toplogo2-624x431.jpg 624w\" sizes=\"(max-width: 436px) 100vw, 436px\" \/><\/p>\n\n<div class=\"wp-block-image\">\n<figure class=\"alignright size-large\"><a href=\"http:\/\/gadoros.hu\/wp-content\/uploads\/2023\/10\/TERKEPTER3.jpg\"><img loading=\"lazy\" decoding=\"async\" width=\"1024\" height=\"768\" src=\"http:\/\/gadoros.hu\/wp-content\/uploads\/2023\/10\/TERKEPTER3-1024x768.jpg\" alt=\"\" class=\"wp-image-4155\" srcset=\"http:\/\/gadoros.hu\/wp-content\/uploads\/2023\/10\/TERKEPTER3-1024x768.jpg 1024w, http:\/\/gadoros.hu\/wp-content\/uploads\/2023\/10\/TERKEPTER3-300x225.jpg 300w, http:\/\/gadoros.hu\/wp-content\/uploads\/2023\/10\/TERKEPTER3-768x576.jpg 768w, http:\/\/gadoros.hu\/wp-content\/uploads\/2023\/10\/TERKEPTER3-1536x1152.jpg 1536w, http:\/\/gadoros.hu\/wp-content\/uploads\/2023\/10\/TERKEPTER3-624x468.jpg 624w, http:\/\/gadoros.hu\/wp-content\/uploads\/2023\/10\/TERKEPTER3.jpg 2040w\" sizes=\"(max-width: 1024px) 100vw, 1024px\" \/><\/a><\/figure><\/div>\n\n<div class=\"wp-block-image\">\n<figure class=\"alignleft size-large\"><a href=\"http:\/\/gadoros.hu\/wp-content\/uploads\/2023\/10\/TERKEPTER2.jpg\"><img loading=\"lazy\" decoding=\"async\" width=\"1024\" height=\"768\" src=\"http:\/\/gadoros.hu\/wp-content\/uploads\/2023\/10\/TERKEPTER2-1024x768.jpg\" alt=\"\" class=\"wp-image-4154\" srcset=\"http:\/\/gadoros.hu\/wp-content\/uploads\/2023\/10\/TERKEPTER2-1024x768.jpg 1024w, http:\/\/gadoros.hu\/wp-content\/uploads\/2023\/10\/TERKEPTER2-300x225.jpg 300w, http:\/\/gadoros.hu\/wp-content\/uploads\/2023\/10\/TERKEPTER2-768x576.jpg 768w, http:\/\/gadoros.hu\/wp-content\/uploads\/2023\/10\/TERKEPTER2-1536x1152.jpg 1536w, http:\/\/gadoros.hu\/wp-content\/uploads\/2023\/10\/TERKEPTER2-624x468.jpg 624w, http:\/\/gadoros.hu\/wp-content\/uploads\/2023\/10\/TERKEPTER2.jpg 2040w\" sizes=\"(max-width: 1024px) 100vw, 1024px\" \/><\/a><\/figure><\/div>","protected":false},"excerpt":{"rendered":"<p>Projekt azonos\u00edt\u00f3 sz\u00e1ma: TOP-1.1.3-15-BS1-2016-00041Projekt c\u00edme: Piac gazdas\u00e1gfejleszt\u00e9se G\u00e1dorosonKedvezm\u00e9nyezett neve: G\u00e1doros Nagyk\u00f6zs\u00e9g \u00d6nkorm\u00e1nyzataSzerz\u0151d\u00f6tt t\u00e1mogat\u00e1s \u00f6sszege: 41.458.540,- FtT\u00e1mogat\u00e1s m\u00e9rt\u00e9ke: 100%Projekt befejez\u00e9si d\u00e1tuma: 2023. 08. 31. A projekt m\u00e9rf\u00f6ldk\u00f6vei:1. m\u00e9rf\u00f6ldk\u0151: 2018. 03. 10.2. m\u00e9rf\u00f6ldk\u0151: 2018. 05. 29.3. m\u00e9rf\u00f6ldk\u0151: 2020. 07. 29.4. m\u00e9rf\u00f6ldk\u0151: 2020. 10. 31.5. m\u00e9rf\u00f6ldk\u0151: 2021. 02. 20.6. m\u00e9rf\u00f6ldk\u0151: 2021. 08. 31.7. m\u00e9rf\u00f6ldk\u0151: 2023. 07. 31.8. m\u00e9rf\u00f6ldk\u0151: [&hellip;]<\/p>\n","protected":false},"author":1,"featured_media":0,"parent":0,"menu_order":0,"comment_status":"closed","ping_status":"closed","template":"","meta":{"footnotes":""},"_links":{"self":[{"href":"http:\/\/gadoros.hu\/index.php?rest_route=\/wp\/v2\/pages\/856"}],"collection":[{"href":"http:\/\/gadoros.hu\/index.php?rest_route=\/wp\/v2\/pages"}],"about":[{"href":"http:\/\/gadoros.hu\/index.php?rest_route=\/wp\/v2\/types\/page"}],"author":[{"embeddable":true,"href":"http:\/\/gadoros.hu\/index.php?rest_route=\/wp\/v2\/users\/1"}],"replies":[{"embeddable":true,"href":"http:\/\/gadoros.hu\/index.php?rest_route=%2Fwp%2Fv2%2Fcomments&post=856"}],"version-history":[{"count":8,"href":"http:\/\/gadoros.hu\/index.php?rest_route=\/wp\/v2\/pages\/856\/revisions"}],"predecessor-version":[{"id":4158,"href":"http:\/\/gadoros.hu\/index.php?rest_route=\/wp\/v2\/pages\/856\/revisions\/4158"}],"wp:attachment":[{"href":"http:\/\/gadoros.hu\/index.php?rest_route=%2Fwp%2Fv2%2Fmedia&parent=856"}],"curies":[{"name":"wp","href":"https:\/\/api.w.org\/{rel}","templated":true}]}}

<p><img loading="lazy" decoding="async" class="alignright wp-image-857 size-full" src="http://test.gadoros.hu/wp-content/uploads/2017/11/piaclogo.png" alt="" width="436" height="301" srcset="http://gadoros.hu/wp-content/uploads/2017/11/piaclogo.png 436w, http://gadoros.hu/wp-content/uploads/2017/11/piaclogo-300x207.png 300w" sizes="(max-width: 436px) 100vw, 436px" /></p>
<p>Projekt azonosító száma: <strong>TOP-1.1.3-15-BS1-2016-00041</strong><br />Projekt címe: Piac gazdaságfejlesztése Gádoroson<br />Kedvezményezett neve: Gádoros Nagyközség Önkormányzata<br />Szerződött támogatás összege: 41.458.540,- Ft<br />Támogatás mértéke: 100%<br /><strong>Projekt befejezési dátuma</strong>: 2023. 08. 31.</p>
<p><strong>A projekt mérföldkövei:</strong><br />1. mérföldkő: 2018. 03. 10.<br />2. mérföldkő: 2018. 05. 29.<br />3. mérföldkő: 2020. 07. 29.<br />4. mérföldkő: 2020. 10. 31.<br />5. mérföldkő: 2021. 02. 20.<br />6. mérföldkő: 2021. 08. 31.<br />7. mérföldkő: 2023. 07. 31.<br />8. mérföldkő: 2023. 08. 31.</p>
<p><strong>A projekt tartalmának bemutatása:</strong></p>
<p>A projekt keretében végzett beruházás során a meglévő termelői piac, 3 db fedett (darabonként 14,72 m2 alapterületű és 2,48 m építménymagasságú ernyős kialakítású földszintes, szerkezete acél és vasbeton, pultokkal ellátva) árusító hellyel történő bővítése történt meg. Szociális blokk egy külön álló épületben létesült, a termelői piachoz parkoló és kerékpár tároló kialakítása is megtörtént. Az árusítóhelyek tekintetében 3 db (árusító helyenként 1-1 db) új kandeláber telepítése is megtörtént, továbbá a 3 méteres oszlopokon 6 db biztonsági kamerarendszer is kiépítésre került. A projekttel érintett építményen végrehajtott infrastrukturális beruházás minden tevékenységelemének végrehajtása során érvényesítésre kerültek a szükséges energiahatékonysági korszerűsítés szempontjai, továbbá az előírt akadálymentesítési kötelezettségnek is eleget tettünk.</p>
<p>A pályázat benyújtásával hosszú távú célként került meghatározásra a település népességmegtartó erejének növelése és a helyi szereplők jövedelemtermelő képességének javítása. A projekt specifikus vagy rövid távú céljai a helyi mezőgazdasági termelési feltételek javítása a helyi termelők és mezőgazdasági vállalkozók vagy vállalkozni vágyók támogatása érdekében az értékesítés körülményeinek javítása, a helyi lakosok, illetve látogatók körében a helyi piac népszerűsítése. Közvetett célként került kitűzésre a közétkeztetés és a fogyasztók helyi termékekkel való ellátásának biztosítása, a munkanélküliség mértékének csökkentése.</p>
<p>A tárgyi projekt keretében elvégzett fejlesztés hozzájárult a projekttel kapcsolatos célkitűzések megvalósításához, továbbá a kitűzött eredmények folyamatos fenntartásához.</p>
<p> </p>
<p>A megvalósítás helyszíne: 5932 Gádoros, Kossuth utca 10.(hrsz: 764/2)</p>
<p>Támogatás összege: 41,46 millió Ft</p>
<p>A projekt fizikai befejezésének időpontja: 2023.08.31.</p>
<p><img loading="lazy" decoding="async" class="alignright wp-image-885" src="http://test.gadoros.hu/wp-content/uploads/2017/11/toplogo2.jpg" alt="" width="436" height="301" srcset="http://gadoros.hu/wp-content/uploads/2017/11/toplogo2.jpg 1453w, http://gadoros.hu/wp-content/uploads/2017/11/toplogo2-300x207.jpg 300w, http://gadoros.hu/wp-content/uploads/2017/11/toplogo2-768x531.jpg 768w, http://gadoros.hu/wp-content/uploads/2017/11/toplogo2-1024x708.jpg 1024w, http://gadoros.hu/wp-content/uploads/2017/11/toplogo2-624x431.jpg 624w" sizes="(max-width: 436px) 100vw, 436px" /></p>

<div class="wp-block-image">
<figure class="alignright size-large"><a href="http://gadoros.hu/wp-content/uploads/2023/10/TERKEPTER3.jpg"><img loading="lazy" decoding="async" width="1024" height="768" src="http://gadoros.hu/wp-content/uploads/2023/10/TERKEPTER3-1024x768.jpg" alt="" class="wp-image-4155" srcset="http://gadoros.hu/wp-content/uploads/2023/10/TERKEPTER3-1024x768.jpg 1024w, http://gadoros.hu/wp-content/uploads/2023/10/TERKEPTER3-300x225.jpg 300w, http://gadoros.hu/wp-content/uploads/2023/10/TERKEPTER3-768x576.jpg 768w, http://gadoros.hu/wp-content/uploads/2023/10/TERKEPTER3-1536x1152.jpg 1536w, http://gadoros.hu/wp-content/uploads/2023/10/TERKEPTER3-624x468.jpg 624w, http://gadoros.hu/wp-content/uploads/2023/10/TERKEPTER3.jpg 2040w" sizes="(max-width: 1024px) 100vw, 1024px" /></a></figure></div>

<div class="wp-block-image">
<figure class="alignleft size-large"><a href="http://gadoros.hu/wp-content/uploads/2023/10/TERKEPTER2.jpg"><img loading="lazy" decoding="async" width="1024" height="768" src="http://gadoros.hu/wp-content/uploads/2023/10/TERKEPTER2-1024x768.jpg" alt="" class="wp-image-4154" srcset="http://gadoros.hu/wp-content/uploads/2023/10/TERKEPTER2-1024x768.jpg 1024w, http://gadoros.hu/wp-content/uploads/2023/10/TERKEPTER2-300x225.jpg 300w, http://gadoros.hu/wp-content/uploads/2023/10/TERKEPTER2-768x576.jpg 768w, http://gadoros.hu/wp-content/uploads/2023/10/TERKEPTER2-1536x1152.jpg 1536w, http://gadoros.hu/wp-content/uploads/2023/10/TERKEPTER2-624x468.jpg 624w, http://gadoros.hu/wp-content/uploads/2023/10/TERKEPTER2.jpg 2040w" sizes="(max-width: 1024px) 100vw, 1024px" /></a></figure></div>

<p>Projekt azonosító száma: TOP-1.1.3-15-BS1-2016-00041Projekt címe: Piac gazdaságfejlesztése GádorosonKedvezményezett neve: Gádoros Nagyközség ÖnkormányzataSzerződött támogatás összege: 41.458.540,- FtTámogatás mértéke: 100%Projekt befejezési dátuma: 2023. 08. 31. A projekt mérföldkövei:1. mérföldkő: 2018. 03. 10.2. mérföldkő: 2018. 05. 29.3. mérföldkő: 2020. 07. 29.4. mérföldkő: 2020. 10. 31.5. mérföldkő: 2021. 02. 20.6. mérföldkő: 2021. 08. 31.7. mérföldkő: 2023. 07. 31.8. mérföldkő: [&hellip;]</p>
