{"id":58,"date":"2013-12-09T11:00:57","date_gmt":"2013-12-09T11:00:57","guid":{"rendered":"http:\/\/test.gadoros.hu\/?page_id=58"},"modified":"2014-05-28T08:25:22","modified_gmt":"2014-05-28T08:25:22","slug":"napkoziotthonos-ovoda","status":"publish","type":"page","link":"http:\/\/gadoros.hu\/?page_id=58","title":{"rendered":"Napk\u00f6ziotthonos \u00d3voda"},"content":{"rendered":"<p><strong>\u201eA Mi \u00d3vod\u00e1nk \u201e<\/strong><\/p>\n<p align=\"center\">Minden gyermek \u00f6n\u00e1ll\u00f3 egy\u00e9nis\u00e9g,akinek lehet\u0151s\u00e9get kell biztos\u00edtani szem\u00e9lyis\u00e9ge pozit\u00edv \u00e9s sz\u00e9lesk\u00f6r\u0171 fejl\u0151d\u00e9s\u00e9hez. Ennek legoptim\u00e1lisabb sz\u00edntere az \u00f3vodai k\u00f6z\u00f6ss\u00e9g.<\/p>\n<p align=\"justify\">Int\u00e9zm\u00e9ny\u00fcnk egy \u00f3voda, k\u00e9t telephellyel.<\/p>\n<p>A k\u00f6zs\u00e9g k\u00f6zpontj\u00e1ban -Kossuth L. utcai \u00f3voda 2 \u00f3vodai csoporttal ( 43 gyermek) \u00fczemel.<\/p>\n<p align=\"justify\"><a href=\"http:\/\/test.gadoros.hu\/wp-content\/uploads\/2014\/03\/ovoda_kossuth_01.jpg\"><img loading=\"lazy\" decoding=\"async\" class=\"alignleft size-full wp-image-366\" src=\"http:\/\/test.gadoros.hu\/wp-content\/uploads\/2014\/03\/ovoda_kossuth_01.jpg\" alt=\"ovoda_kossuth_01\" width=\"150\" height=\"100\" align=\"left\" border=\"3\" hspace=\"10\" vspace=\"10\" srcset=\"http:\/\/gadoros.hu\/wp-content\/uploads\/2014\/03\/ovoda_kossuth_01.jpg 640w, http:\/\/gadoros.hu\/wp-content\/uploads\/2014\/03\/ovoda_kossuth_01-300x199.jpg 300w, http:\/\/gadoros.hu\/wp-content\/uploads\/2014\/03\/ovoda_kossuth_01-624x415.jpg 624w\" sizes=\"(max-width: 150px) 100vw, 150px\" \/><\/a><a href=\"http:\/\/test.gadoros.hu\/wp-content\/uploads\/2014\/03\/ovoda_beke_02.jpg\"><img decoding=\"async\" class=\"alignleft size-full wp-image-365\" src=\"http:\/\/test.gadoros.hu\/wp-content\/uploads\/2014\/03\/ovoda_beke_02.jpg\" alt=\"ovoda_beke_02\" width=\"150\" align=\"left\" border=\"3\" hspace=\"10\" vspace=\"10\" srcset=\"http:\/\/gadoros.hu\/wp-content\/uploads\/2014\/03\/ovoda_beke_02.jpg 640w, http:\/\/gadoros.hu\/wp-content\/uploads\/2014\/03\/ovoda_beke_02-300x199.jpg 300w, http:\/\/gadoros.hu\/wp-content\/uploads\/2014\/03\/ovoda_beke_02-624x415.jpg 624w\" sizes=\"(max-width: 640px) 100vw, 640px\" \/><\/a><a href=\"http:\/\/test.gadoros.hu\/wp-content\/uploads\/2014\/03\/ovoda_beke_01.jpg\"><img decoding=\"async\" class=\"alignleft size-full wp-image-364\" src=\"http:\/\/test.gadoros.hu\/wp-content\/uploads\/2014\/03\/ovoda_beke_01.jpg\" alt=\"ovoda_beke_01\" width=\"150\" align=\"left\" border=\"3\" hspace=\"10\" vspace=\"10\" srcset=\"http:\/\/gadoros.hu\/wp-content\/uploads\/2014\/03\/ovoda_beke_01.jpg 640w, http:\/\/gadoros.hu\/wp-content\/uploads\/2014\/03\/ovoda_beke_01-300x199.jpg 300w, http:\/\/gadoros.hu\/wp-content\/uploads\/2014\/03\/ovoda_beke_01-624x415.jpg 624w\" sizes=\"(max-width: 640px) 100vw, 640px\" \/><\/a><\/p>\n<p>&nbsp;<\/p>\n<p>&nbsp;<\/p>\n<p>&nbsp;<\/p>\n<p>B\u00e9ke t\u00e9ri \u00f3voda a k\u00f6zs\u00e9g keleti r\u00e9sz\u00e9n tal\u00e1lhat\u00f3, 5 \u00f3vodai csoporttal ( 117 gyermek) m\u0171k\u00f6dik. Minden \u00e9vben , minden jelentkez\u0151 gyermeket fel tudunk venni.<\/p>\n<p>2008\/ 2009-es \u00e9vben gyermekl\u00e9tsz\u00e1munk 160 f\u0151.<\/p>\n<p align=\"justify\">A nevel\u0151munk\u00e1t 13 \u00f3vodapedag\u00f3gus v\u00e9gzi, 7 szakk\u00e9pzett \u00f3vodai dajka seg\u00edti a pedag\u00f3giai munk\u00e1t.<\/p>\n<p>\u00d3vod\u00e1nk a Tev\u00e9kenys\u00e9g k\u00f6zpont\u00fa \u00d3vodai programmal dolgozunk.<\/p>\n<p>Szeretetteljes ,nyugodt csal\u00e1dias l\u00e9gk\u00f6rben v\u00e1rjuk a gyermekeket.<\/p>\n<p>K\u00fcl\u00f6n\u00f6sen szem el\u0151tt tartjuk:<\/p>\n<p>\u00b7\u00a0\u00a0\u00a0\u00a0\u00a0\u00a0\u00a0\u00a0\u00a0A j\u00e1t\u00e9kot, mely sokf\u00e9le megismer\u00e9si \u00e9s tanul\u00e1si lehet\u0151s\u00e9get biztos\u00edt a gyermek sz\u00e1m\u00e1ra.<\/p>\n<p>\u00b7\u00a0\u00a0\u00a0\u00a0\u00a0\u00a0\u00a0\u00a0\u00a0Partnerk\u00f6zpont\u00fa m\u0171k\u00f6d\u00e9s kialak\u00edt\u00e1s\u00e1t, melynek c\u00e9lja az ig\u00e9nyek megismer\u00e9s\u00e9vel k\u00f6z\u00f6s \u00e9rt\u00e9krend kialakul\u00e1sa, az \u00f3voda \u00e9s partnerei k\u00f6z\u00f6tt hat\u00e9kony egy\u00fcttm\u0171k\u00f6d\u00e9s \u00e9rdek\u00e9ben.<\/p>\n<p>\u00b7\u00a0\u00a0\u00a0\u00a0\u00a0\u00a0\u00a0\u00a0\u00a0A gyermekk\u00f6zpont\u00fas\u00e1g \u00e9rv\u00e9nyes\u00edt\u00e9s\u00e9t,megval\u00f3s\u00edt\u00e1s\u00e1t,a gyermek sz\u00fcks\u00e9gleteinek,tev\u00e9kenys\u00e9geinek,k\u00e9pess\u00e9geinek figyelembe v\u00e9tel\u00e9vel.<\/p>\n<p>\u00b7\u00a0\u00a0\u00a0\u00a0\u00a0\u00a0\u00a0\u00a0\u00a0A vesz\u00e9lyeztetett,illetve szoci\u00e1lis h\u00e1tr\u00e1nyokkal k\u00fczd\u0151 gyermeke korai be\u00f3vod\u00e1z\u00e1s\u00e1t,fejleszt\u00e9s\u00fcket.<\/p>\n<p>\u00b7\u00a0\u00a0\u00a0\u00a0\u00a0\u00a0\u00a0\u00a0\u00a0A kooper\u00e1ci\u00f3s- kommunik\u00e1ci\u00f3s k\u00e9pess\u00e9gek fejleszt\u00e9s\u00e9t, mely a t\u00e1rsadalom \u00e9s egy\u00e9n szempontj\u00e1b\u00f3l l\u00e9nyeges feladat.<\/p>\n","protected":false},"excerpt":{"rendered":"<p>\u201eA Mi \u00d3vod\u00e1nk \u201e Minden gyermek \u00f6n\u00e1ll\u00f3 egy\u00e9nis\u00e9g,akinek lehet\u0151s\u00e9get kell biztos\u00edtani szem\u00e9lyis\u00e9ge pozit\u00edv \u00e9s sz\u00e9lesk\u00f6r\u0171 fejl\u0151d\u00e9s\u00e9hez. Ennek legoptim\u00e1lisabb sz\u00edntere az \u00f3vodai k\u00f6z\u00f6ss\u00e9g. Int\u00e9zm\u00e9ny\u00fcnk egy \u00f3voda, k\u00e9t telephellyel. A k\u00f6zs\u00e9g k\u00f6zpontj\u00e1ban -Kossuth L. utcai \u00f3voda 2 \u00f3vodai csoporttal ( 43 gyermek) \u00fczemel. &nbsp; &nbsp; &nbsp; B\u00e9ke t\u00e9ri \u00f3voda a k\u00f6zs\u00e9g keleti r\u00e9sz\u00e9n tal\u00e1lhat\u00f3, 5 \u00f3vodai csoporttal [&hellip;]<\/p>\n","protected":false},"author":1,"featured_media":0,"parent":0,"menu_order":0,"comment_status":"closed","ping_status":"closed","template":"","meta":{"footnotes":""},"_links":{"self":[{"href":"http:\/\/gadoros.hu\/index.php?rest_route=\/wp\/v2\/pages\/58"}],"collection":[{"href":"http:\/\/gadoros.hu\/index.php?rest_route=\/wp\/v2\/pages"}],"about":[{"href":"http:\/\/gadoros.hu\/index.php?rest_route=\/wp\/v2\/types\/page"}],"author":[{"embeddable":true,"href":"http:\/\/gadoros.hu\/index.php?rest_route=\/wp\/v2\/users\/1"}],"replies":[{"embeddable":true,"href":"http:\/\/gadoros.hu\/index.php?rest_route=%2Fwp%2Fv2%2Fcomments&post=58"}],"version-history":[{"count":9,"href":"http:\/\/gadoros.hu\/index.php?rest_route=\/wp\/v2\/pages\/58\/revisions"}],"predecessor-version":[{"id":496,"href":"http:\/\/gadoros.hu\/index.php?rest_route=\/wp\/v2\/pages\/58\/revisions\/496"}],"wp:attachment":[{"href":"http:\/\/gadoros.hu\/index.php?rest_route=%2Fwp%2Fv2%2Fmedia&parent=58"}],"curies":[{"name":"wp","href":"https:\/\/api.w.org\/{rel}","templated":true}]}}