{"id":516,"date":"2014-05-30T16:14:11","date_gmt":"2014-05-30T16:14:11","guid":{"rendered":"http:\/\/test.gadoros.hu\/?page_id=516"},"modified":"2014-05-30T16:14:11","modified_gmt":"2014-05-30T16:14:11","slug":"kozerdeku-adatok","status":"publish","type":"page","link":"http:\/\/gadoros.hu\/?page_id=516","title":{"rendered":"K\u00f6z\u00e9rdek\u0171 adatok"},"content":{"rendered":"<h1 align=\"center\">K\u00f6z\u00e9rdek\u0171 adatok elektronikus k\u00f6zz\u00e9t\u00e9tele<\/h1>\n<p align=\"center\"><em>(Az inform\u00e1ci\u00f3s \u00f6nrendelkez\u00e9si jogr\u00f3l \u00e9s az inform\u00e1ci\u00f3szabads\u00e1gr\u00f3 sz\u00f3l\u00f3 2011. \u00e9vi CXII.\u00a0t\u00f6rv\u00e9ny \u00a0\u00e9s a k\u00f6z\u00e9rdek\u0171 adatok elektronikus k\u00f6zz\u00e9t\u00e9tel\u00e9re, az egys\u00e9ges k\u00f6zadatkeres\u0151 rendszerre, valamint a k\u00f6zponti jegyz\u00e9k adattartalm\u00e1ra, az adatintegr\u00e1ci\u00f3ra vonatkoz\u00f3 r\u00e9szletes szab\u00e1lyokr\u00f3l 305\/2005. (XII. 25.) Korm. rendelet alapj\u00e1n) <\/em><\/p>\n","protected":false},"excerpt":{"rendered":"<p>K\u00f6z\u00e9rdek\u0171 adatok elektronikus k\u00f6zz\u00e9t\u00e9tele (Az inform\u00e1ci\u00f3s \u00f6nrendelkez\u00e9si jogr\u00f3l \u00e9s az inform\u00e1ci\u00f3szabads\u00e1gr\u00f3 sz\u00f3l\u00f3 2011. \u00e9vi CXII.\u00a0t\u00f6rv\u00e9ny \u00a0\u00e9s a k\u00f6z\u00e9rdek\u0171 adatok elektronikus k\u00f6zz\u00e9t\u00e9tel\u00e9re, az egys\u00e9ges k\u00f6zadatkeres\u0151 rendszerre, valamint a k\u00f6zponti jegyz\u00e9k adattartalm\u00e1ra, az adatintegr\u00e1ci\u00f3ra vonatkoz\u00f3 r\u00e9szletes szab\u00e1lyokr\u00f3l 305\/2005. (XII. 25.) Korm. rendelet alapj\u00e1n)<\/p>\n","protected":false},"author":1,"featured_media":0,"parent":0,"menu_order":0,"comment_status":"closed","ping_status":"closed","template":"","meta":{"footnotes":""},"_links":{"self":[{"href":"http:\/\/gadoros.hu\/index.php?rest_route=\/wp\/v2\/pages\/516"}],"collection":[{"href":"http:\/\/gadoros.hu\/index.php?rest_route=\/wp\/v2\/pages"}],"about":[{"href":"http:\/\/gadoros.hu\/index.php?rest_route=\/wp\/v2\/types\/page"}],"author":[{"embeddable":true,"href":"http:\/\/gadoros.hu\/index.php?rest_route=\/wp\/v2\/users\/1"}],"replies":[{"embeddable":true,"href":"http:\/\/gadoros.hu\/index.php?rest_route=%2Fwp%2Fv2%2Fcomments&post=516"}],"version-history":[{"count":1,"href":"http:\/\/gadoros.hu\/index.php?rest_route=\/wp\/v2\/pages\/516\/revisions"}],"predecessor-version":[{"id":517,"href":"http:\/\/gadoros.hu\/index.php?rest_route=\/wp\/v2\/pages\/516\/revisions\/517"}],"wp:attachment":[{"href":"http:\/\/gadoros.hu\/index.php?rest_route=%2Fwp%2Fv2%2Fmedia&parent=516"}],"curies":[{"name":"wp","href":"https:\/\/api.w.org\/{rel}","templated":true}]}}