{"id":476,"date":"2014-05-26T17:11:20","date_gmt":"2014-05-26T17:11:20","guid":{"rendered":"http:\/\/test.gadoros.hu\/?page_id=476"},"modified":"2017-12-04T14:13:54","modified_gmt":"2017-12-04T14:13:54","slug":"ugyintezes","status":"publish","type":"page","link":"http:\/\/gadoros.hu\/?page_id=476","title":{"rendered":"\u00dcgyint\u00e9z\u00e9s"},"content":{"rendered":"<p style=\"color: #333333;\" align=\"justify\">Az adott \u00fcgyk\u00f6r t\u00e1j\u00e9koztat\u00f3j\u00e1nak megtekint\u00e9s\u00e9hez v\u00e1lasszon a jobb oldali men\u00fcb\u0151l. A t\u00e1j\u00e9koztat\u00f3 elolvas\u00e1sa ut\u00e1n megn\u00e9zheti \u00e9s kinyomtathatja az ig\u00e9nyl\u00e9shez sz\u00fcks\u00e9ges k\u00e9relmet. A k\u00e9relem let\u00f6lt\u00e9shez kattintson\u00a0a jobb oldali men\u00fc nyomtatv\u00e1nyok let\u00f6lt\u00e9se gombra.<\/p>\n<p style=\"color: #333333;\" align=\"justify\"><span style=\"text-decoration: underline;\">\u00dcgyf\u00e9lfogad\u00e1si id\u0151:<\/span>\u00a0\u00a0\u00a0\u00a0\u00a0\u00a0\u00a0\u00a0\u00a0\u00a0\u00a0\u00a0\u00a0\u00a0\u00a0\u00a0\u00a0\u00a0\u00a0\u00a0\u00a0\u00a0\u00a0\u00a0\u00a0\u00a0\u00a0\u00a0 \u00a0 \u00a0\u00a0\u00a0\u00a0<span style=\"text-decoration: underline;\">P\u00e9nzt\u00e1ri \u00f3r\u00e1k:<\/span><\/p>\n<table style=\"color: #333333; height: 148px;\" border=\"0\" width=\"624\">\n<tbody>\n<tr>\n<td>H\u00e9tf\u0151<\/td>\n<td>8 &#8211; 12<\/td>\n<td><\/td>\n<td>H\u00e9tf\u0151<\/td>\n<td>8 &#8211; 12<\/td>\n<\/tr>\n<tr>\n<td>Kedd<\/td>\n<td>&#8211;<\/td>\n<td><\/td>\n<td>Kedd<\/td>\n<td>z\u00e1rva<\/td>\n<\/tr>\n<tr>\n<td>Szerda<\/td>\n<td>8 &#8211; 12; 13 &#8211; 16<\/td>\n<td><\/td>\n<td>Szerda<\/td>\n<td>8 &#8211; 12; 13 &#8211; 16<\/td>\n<\/tr>\n<tr>\n<td>Cs\u00fct\u00f6rt\u00f6k<\/td>\n<td>&#8211;<\/td>\n<td><\/td>\n<td>Cs\u00fct\u00f6rt\u00f6k<\/td>\n<td>z\u00e1rva<\/td>\n<\/tr>\n<tr>\n<td>P\u00e9ntek<\/td>\n<td>8 &#8211; 12<\/td>\n<td><\/td>\n<td>P\u00e9ntek<\/td>\n<td>8 &#8211; 12<\/td>\n<\/tr>\n<\/tbody>\n<\/table>\n","protected":false},"excerpt":{"rendered":"<p>Az adott \u00fcgyk\u00f6r t\u00e1j\u00e9koztat\u00f3j\u00e1nak megtekint\u00e9s\u00e9hez v\u00e1lasszon a jobb oldali men\u00fcb\u0151l. A t\u00e1j\u00e9koztat\u00f3 elolvas\u00e1sa ut\u00e1n megn\u00e9zheti \u00e9s kinyomtathatja az ig\u00e9nyl\u00e9shez sz\u00fcks\u00e9ges k\u00e9relmet. A k\u00e9relem let\u00f6lt\u00e9shez kattintson\u00a0a jobb oldali men\u00fc nyomtatv\u00e1nyok let\u00f6lt\u00e9se gombra. \u00dcgyf\u00e9lfogad\u00e1si id\u0151:\u00a0\u00a0\u00a0\u00a0\u00a0\u00a0\u00a0\u00a0\u00a0\u00a0\u00a0\u00a0\u00a0\u00a0\u00a0\u00a0\u00a0\u00a0\u00a0\u00a0\u00a0\u00a0\u00a0\u00a0\u00a0\u00a0\u00a0\u00a0 \u00a0 \u00a0\u00a0\u00a0\u00a0P\u00e9nzt\u00e1ri \u00f3r\u00e1k: H\u00e9tf\u0151 8 &#8211; 12 H\u00e9tf\u0151 8 &#8211; 12 Kedd &#8211; Kedd z\u00e1rva Szerda 8 &#8211; 12; 13 &#8211; 16 [&hellip;]<\/p>\n","protected":false},"author":1,"featured_media":0,"parent":468,"menu_order":0,"comment_status":"closed","ping_status":"closed","template":"","meta":{"footnotes":""},"_links":{"self":[{"href":"http:\/\/gadoros.hu\/index.php?rest_route=\/wp\/v2\/pages\/476"}],"collection":[{"href":"http:\/\/gadoros.hu\/index.php?rest_route=\/wp\/v2\/pages"}],"about":[{"href":"http:\/\/gadoros.hu\/index.php?rest_route=\/wp\/v2\/types\/page"}],"author":[{"embeddable":true,"href":"http:\/\/gadoros.hu\/index.php?rest_route=\/wp\/v2\/users\/1"}],"replies":[{"embeddable":true,"href":"http:\/\/gadoros.hu\/index.php?rest_route=%2Fwp%2Fv2%2Fcomments&post=476"}],"version-history":[{"count":3,"href":"http:\/\/gadoros.hu\/index.php?rest_route=\/wp\/v2\/pages\/476\/revisions"}],"predecessor-version":[{"id":953,"href":"http:\/\/gadoros.hu\/index.php?rest_route=\/wp\/v2\/pages\/476\/revisions\/953"}],"up":[{"embeddable":true,"href":"http:\/\/gadoros.hu\/index.php?rest_route=\/wp\/v2\/pages\/468"}],"wp:attachment":[{"href":"http:\/\/gadoros.hu\/index.php?rest_route=%2Fwp%2Fv2%2Fmedia&parent=476"}],"curies":[{"name":"wp","href":"https:\/\/api.w.org\/{rel}","templated":true}]}}