{"id":4694,"date":"2024-03-08T10:28:08","date_gmt":"2024-03-08T09:28:08","guid":{"rendered":"http:\/\/www.gadoros.hu\/?page_id=4694"},"modified":"2026-04-22T08:33:58","modified_gmt":"2026-04-22T06:33:58","slug":"gadoros-nagykozseg-onkormanyzata-kepviselo-trstuletenek-gondozasi-kozpontja","status":"publish","type":"page","link":"http:\/\/gadoros.hu\/?page_id=4694","title":{"rendered":"G\u00e1doros Nagyk\u00f6zs\u00e9g \u00d6nkorm\u00e1nyzata K\u00e9pvisel\u0151-test\u00fclet\u00e9nek Gondoz\u00e1si K\u00f6zpontja"},"content":{"rendered":"<p>A szoci\u00e1lis igazgat\u00e1sr\u00f3l \u00e9s szoci\u00e1lis ell\u00e1t\u00e1sokr\u00f3l sz\u00f3l\u00f3 1993. \u00e9vi III. t\u00f6rv\u00e9ny \u00e1ltal meghat\u00e1rozott szem\u00e9lyes gondoskod\u00e1st ny\u00fajt\u00f3 ell\u00e1t\u00e1sokat (szoci\u00e1lis alapszolg\u00e1ltat\u00e1sokat \u00e9s a szakos\u00edtott ell\u00e1t\u00e1sokat) 1992 \u00f3ta integr\u00e1lt szervezeti form\u00e1ban a Gondoz\u00e1si K\u00f6zpont szervezeti egys\u00e9gei biztos\u00edtj\u00e1k.<\/p>\n<p><strong>Gondoz\u00e1si K\u00f6zpont int\u00e9zm\u00e9nyvezet\u0151:<\/strong> Bell\u00e1n\u00e9 Sz\u0151ke Csilla<\/p>\n<p><strong>Telefonsz\u00e1m:<\/strong> 68\/490-079\u00a0 30\/684-0772<\/p>\n<p><strong>E-mail c\u00edm:<\/strong> <a href=\"mailto:gond.kozp@gadoros.hu\">gond.kozp@gadoros.hu<\/a><\/p>\n<p><strong>Int\u00e9zm\u00e9nyvezet\u0151 helyettes: <\/strong>R\u00e1cz Hajnalka<\/p>\n<p><strong>Gondoz\u00e1si K\u00f6zpont m\u0171k\u00f6d\u00e9si alapadatai:<\/strong><\/p>\n<p><strong>N\u00e9v: <\/strong>G\u00e1doros Nagyk\u00f6zs\u00e9g \u00d6nkorm\u00e1nyzata K\u00e9pvisel\u0151-test\u00fclet\u00e9nek Gondoz\u00e1si K\u00f6zpontja<\/p>\n<p><strong>Sz\u00e9khely: <\/strong>G\u00e1doros, F\u0151 u. 30.<\/p>\n<p><strong>Fenntart\u00f3: <\/strong>G\u00e1doros Nagyk\u00f6zs\u00e9g \u00d6nkorm\u00e1nyzata, G\u00e1doros, Kossuth u. 16.<\/p>\n<p><strong>\u00a0<\/strong><\/p>\n<p><strong>M\u0171k\u00f6d\u00e9si ter\u00fclet: <\/strong><\/p>\n<ol>\n<li>Id\u0151sek Otthona vonatkoz\u00e1s\u00e1ban Magyarorsz\u00e1g k\u00f6zigazgat\u00e1si ter\u00fclete<\/li>\n<li>Id\u0151sek nappali ell\u00e1t\u00e1sa; demens szem\u00e9lyek nappali ell\u00e1t\u00e1sa, h\u00e1zi seg\u00edts\u00e9gny\u00fajt\u00e1s; tanyagondnoki szolg\u00e1lat; \u00e9tkeztet\u00e9s tekintet\u00e9ben G\u00e1doros k\u00f6zigazgat\u00e1si ter\u00fclete<\/li>\n<\/ol>\n<p>\u00a0<\/p>\n<p><strong>K\u00f6lts\u00e9gvet\u00e9si szerv t\u00edpus szerinti besorol\u00e1sa<\/strong><\/p>\n<p><strong>Tev\u00e9kenys\u00e9ge alapj\u00e1n: <\/strong>K\u00f6zszolg\u00e1ltat\u00f3 szerv<\/p>\n<p><strong>K\u00f6zszolg\u00e1ltat\u00f3 szerv fajta alapj\u00e1n: <\/strong>K\u00f6zint\u00e9zm\u00e9ny<\/p>\n<p>\u00a0<\/p>\n<p><strong>Feladatell\u00e1t\u00e1shoz kapcsol\u00f3d\u00f3 funkci\u00f3ja: <\/strong>\u00d6n\u00e1ll\u00f3an m\u0171k\u00f6d\u0151 k\u00f6lts\u00e9gvet\u00e9si szerv, de a p\u00e9nz\u00fcgyi gazdas\u00e1gi feladatait a Polg\u00e1rmesteri Hivatal, mint \u00f6n\u00e1ll\u00f3an m\u0171k\u00f6d\u0151 \u00e9s gazd\u00e1lkod\u00f3 k\u00f6lts\u00e9gvet\u00e9si szerv l\u00e1tja el.<\/p>\n<p><strong>Gondoz\u00e1si K\u00f6zpont egys\u00e9gei:<\/strong><\/p>\n<p><strong>Bentlak\u00e1sos ell\u00e1t\u00e1s Egys\u00e9ge:<\/strong><\/p>\n<ul>\n<li>Id\u0151sek Otthona<\/li>\n<\/ul>\n<p><strong>Nappali \u00e9s Alapell\u00e1t\u00e1s Egys\u00e9ge:<\/strong><\/p>\n<ul>\n<li>Id\u0151sek \u00e9s demens szem\u00e9lyek nappali ell\u00e1t\u00e1sa<\/li>\n<li>H\u00e1zi seg\u00edts\u00e9gny\u00fajt\u00e1s<\/li>\n<li>\u00c9tkeztet\u00e9s<\/li>\n<li>Tanyagondnoki Szolg\u00e1lat<\/li>\n<\/ul>\n<style>\/*! elementor - v3.20.0 - 10-04-2024 *\/\n.elementor-widget-image{text-align:center}.elementor-widget-image a{display:inline-block}.elementor-widget-image a img[src$=\".svg\"]{width:48px}.elementor-widget-image img{vertical-align:middle;display:inline-block}<\/style>\n<p>\t\t\t\t\t\t\t\t\t\t<img loading=\"lazy\" decoding=\"async\" width=\"625\" height=\"281\" src=\"http:\/\/gadoros.hu\/wp-content\/uploads\/2026\/04\/1gp-1024x461.jpg\" alt=\"\" srcset=\"http:\/\/gadoros.hu\/wp-content\/uploads\/2026\/04\/1gp-1024x461.jpg 1024w, http:\/\/gadoros.hu\/wp-content\/uploads\/2026\/04\/1gp-300x135.jpg 300w, http:\/\/gadoros.hu\/wp-content\/uploads\/2026\/04\/1gp-768x346.jpg 768w, http:\/\/gadoros.hu\/wp-content\/uploads\/2026\/04\/1gp-624x281.jpg 624w, http:\/\/gadoros.hu\/wp-content\/uploads\/2026\/04\/1gp.jpg 1142w\" sizes=\"(max-width: 625px) 100vw, 625px\" \/><br \/>\n\t\t\t\t\t\t\t\t\t\t\t\t\t<img loading=\"lazy\" decoding=\"async\" width=\"625\" height=\"319\" src=\"http:\/\/gadoros.hu\/wp-content\/uploads\/2026\/04\/2gp-1024x523.jpg\" alt=\"\" srcset=\"http:\/\/gadoros.hu\/wp-content\/uploads\/2026\/04\/2gp-1024x523.jpg 1024w, http:\/\/gadoros.hu\/wp-content\/uploads\/2026\/04\/2gp-300x153.jpg 300w, http:\/\/gadoros.hu\/wp-content\/uploads\/2026\/04\/2gp-768x392.jpg 768w, http:\/\/gadoros.hu\/wp-content\/uploads\/2026\/04\/2gp-624x319.jpg 624w, http:\/\/gadoros.hu\/wp-content\/uploads\/2026\/04\/2gp.jpg 1196w\" sizes=\"(max-width: 625px) 100vw, 625px\" \/><\/p>\n","protected":false},"excerpt":{"rendered":"<p>A szoci\u00e1lis igazgat\u00e1sr\u00f3l \u00e9s szoci\u00e1lis ell\u00e1t\u00e1sokr\u00f3l sz\u00f3l\u00f3 1993. \u00e9vi III. t\u00f6rv\u00e9ny \u00e1ltal meghat\u00e1rozott szem\u00e9lyes gondoskod\u00e1st ny\u00fajt\u00f3 ell\u00e1t\u00e1sokat (szoci\u00e1lis alapszolg\u00e1ltat\u00e1sokat \u00e9s a szakos\u00edtott ell\u00e1t\u00e1sokat) 1992 \u00f3ta integr\u00e1lt szervezeti form\u00e1ban a Gondoz\u00e1si K\u00f6zpont szervezeti egys\u00e9gei biztos\u00edtj\u00e1k. Gondoz\u00e1si K\u00f6zpont int\u00e9zm\u00e9nyvezet\u0151: Bell\u00e1n\u00e9 Sz\u0151ke Csilla Telefonsz\u00e1m: 68\/490-079\u00a0 30\/684-0772 E-mail c\u00edm: gond.kozp@gadoros.hu Int\u00e9zm\u00e9nyvezet\u0151 helyettes: R\u00e1cz Hajnalka Gondoz\u00e1si K\u00f6zpont m\u0171k\u00f6d\u00e9si alapadatai: N\u00e9v: [&hellip;]<\/p>\n","protected":false},"author":7,"featured_media":0,"parent":0,"menu_order":0,"comment_status":"closed","ping_status":"closed","template":"","meta":{"footnotes":""},"_links":{"self":[{"href":"http:\/\/gadoros.hu\/index.php?rest_route=\/wp\/v2\/pages\/4694"}],"collection":[{"href":"http:\/\/gadoros.hu\/index.php?rest_route=\/wp\/v2\/pages"}],"about":[{"href":"http:\/\/gadoros.hu\/index.php?rest_route=\/wp\/v2\/types\/page"}],"author":[{"embeddable":true,"href":"http:\/\/gadoros.hu\/index.php?rest_route=\/wp\/v2\/users\/7"}],"replies":[{"embeddable":true,"href":"http:\/\/gadoros.hu\/index.php?rest_route=%2Fwp%2Fv2%2Fcomments&post=4694"}],"version-history":[{"count":7,"href":"http:\/\/gadoros.hu\/index.php?rest_route=\/wp\/v2\/pages\/4694\/revisions"}],"predecessor-version":[{"id":8667,"href":"http:\/\/gadoros.hu\/index.php?rest_route=\/wp\/v2\/pages\/4694\/revisions\/8667"}],"wp:attachment":[{"href":"http:\/\/gadoros.hu\/index.php?rest_route=%2Fwp%2Fv2%2Fmedia&parent=4694"}],"curies":[{"name":"wp","href":"https:\/\/api.w.org\/{rel}","templated":true}]}}