{"id":464,"date":"2014-05-26T16:57:14","date_gmt":"2014-05-26T16:57:14","guid":{"rendered":"http:\/\/test.gadoros.hu\/?page_id=464"},"modified":"2014-05-29T13:12:27","modified_gmt":"2014-05-29T13:12:27","slug":"polgarmesteri-hivatal-hirdetmenyek","status":"publish","type":"page","link":"http:\/\/gadoros.hu\/?page_id=464","title":{"rendered":"Polg\u00e1rmesteri Hivatal &#8211; H\u00edrdetm\u00e9nyek"},"content":{"rendered":"<p>[wpfilebase tag=list id=56 tpl=&#8217;sima_lista&#8217; pagenav=1 \/]<\/p>\n","protected":false},"excerpt":{"rendered":"<p>[wpfilebase tag=list id=56 tpl=&#8217;sima_lista&#8217; pagenav=1 \/]<\/p>\n","protected":false},"author":1,"featured_media":0,"parent":468,"menu_order":0,"comment_status":"closed","ping_status":"closed","template":"","meta":{"footnotes":""},"class_list":["post-464","page","type-page","status-publish","hentry"],"_links":{"self":[{"href":"http:\/\/gadoros.hu\/index.php?rest_route=\/wp\/v2\/pages\/464"}],"collection":[{"href":"http:\/\/gadoros.hu\/index.php?rest_route=\/wp\/v2\/pages"}],"about":[{"href":"http:\/\/gadoros.hu\/index.php?rest_route=\/wp\/v2\/types\/page"}],"author":[{"embeddable":true,"href":"http:\/\/gadoros.hu\/index.php?rest_route=\/wp\/v2\/users\/1"}],"replies":[{"embeddable":true,"href":"http:\/\/gadoros.hu\/index.php?rest_route=%2Fwp%2Fv2%2Fcomments&post=464"}],"version-history":[{"count":2,"href":"http:\/\/gadoros.hu\/index.php?rest_route=\/wp\/v2\/pages\/464\/revisions"}],"predecessor-version":[{"id":467,"href":"http:\/\/gadoros.hu\/index.php?rest_route=\/wp\/v2\/pages\/464\/revisions\/467"}],"up":[{"embeddable":true,"href":"http:\/\/gadoros.hu\/index.php?rest_route=\/wp\/v2\/pages\/468"}],"wp:attachment":[{"href":"http:\/\/gadoros.hu\/index.php?rest_route=%2Fwp%2Fv2%2Fmedia&parent=464"}],"curies":[{"name":"wp","href":"https:\/\/api.w.org\/{rel}","templated":true}]}}