{"id":425,"date":"2014-04-17T11:56:57","date_gmt":"2014-04-17T11:56:57","guid":{"rendered":"http:\/\/test.gadoros.hu\/?page_id=425"},"modified":"2019-02-27T07:56:05","modified_gmt":"2019-02-27T07:56:05","slug":"emagyarorszagpont-kozsgegi-konyvtar","status":"publish","type":"page","link":"http:\/\/gadoros.hu\/?page_id=425","title":{"rendered":"Digit\u00e1lis J\u00f3l\u00e9t Pont \u2013 K\u00f6zs\u00e9gi K\u00f6nyvt\u00e1r"},"content":{"rendered":"<p>Digit\u00e1lis J\u00f3l\u00e9t Pont \u2013 K\u00f6zs\u00e9gi K\u00f6nyvt\u00e1r<br \/>\n5932 G\u00e1doros, Iskola utca 19.<br \/>\nTel.: 68\/490-075<\/p>\n","protected":false},"excerpt":{"rendered":"<p>Digit\u00e1lis J\u00f3l\u00e9t Pont \u2013 K\u00f6zs\u00e9gi K\u00f6nyvt\u00e1r 5932 G\u00e1doros, Iskola utca 19. Tel.: 68\/490-075<\/p>\n","protected":false},"author":1,"featured_media":0,"parent":52,"menu_order":0,"comment_status":"closed","ping_status":"closed","template":"","meta":{"footnotes":""},"_links":{"self":[{"href":"http:\/\/gadoros.hu\/index.php?rest_route=\/wp\/v2\/pages\/425"}],"collection":[{"href":"http:\/\/gadoros.hu\/index.php?rest_route=\/wp\/v2\/pages"}],"about":[{"href":"http:\/\/gadoros.hu\/index.php?rest_route=\/wp\/v2\/types\/page"}],"author":[{"embeddable":true,"href":"http:\/\/gadoros.hu\/index.php?rest_route=\/wp\/v2\/users\/1"}],"replies":[{"embeddable":true,"href":"http:\/\/gadoros.hu\/index.php?rest_route=%2Fwp%2Fv2%2Fcomments&post=425"}],"version-history":[{"count":6,"href":"http:\/\/gadoros.hu\/index.php?rest_route=\/wp\/v2\/pages\/425\/revisions"}],"predecessor-version":[{"id":1424,"href":"http:\/\/gadoros.hu\/index.php?rest_route=\/wp\/v2\/pages\/425\/revisions\/1424"}],"up":[{"embeddable":true,"href":"http:\/\/gadoros.hu\/index.php?rest_route=\/wp\/v2\/pages\/52"}],"wp:attachment":[{"href":"http:\/\/gadoros.hu\/index.php?rest_route=%2Fwp%2Fv2%2Fmedia&parent=425"}],"curies":[{"name":"wp","href":"https:\/\/api.w.org\/{rel}","templated":true}]}}