{"id":4201,"date":"2023-10-27T12:11:33","date_gmt":"2023-10-27T10:11:33","guid":{"rendered":"http:\/\/www.gadoros.hu\/?page_id=4201"},"modified":"2023-10-30T11:00:27","modified_gmt":"2023-10-30T10:00:27","slug":"korabbi-valasztasok","status":"publish","type":"page","link":"http:\/\/gadoros.hu\/?page_id=4201","title":{"rendered":"Kor\u00e1bbi v\u00e1laszt\u00e1sok"},"content":{"rendered":"<div class=\"lightweight-accordion\"><details><summary class=\"lightweight-accordion-title\"><span>\u00d6nkorm\u00e1nyzati v\u00e1laszt\u00e1sok<\/span><\/summary><div class=\"lightweight-accordion-body\">\n\n<p><a href=\"https:\/\/www.valasztas.hu\/telepules-adatlap_onk2019?p_p_id=onkeredmenyadatok_WAR_nvinvrportlet&amp;p_p_lifecycle=1&amp;p_p_state=normal&amp;p_p_mode=view&amp;_onkeredmenyadatok_WAR_nvinvrportlet_tabId=tab1&amp;p_r_p__prpVlId=294&amp;p_r_p__prpVltId=687&amp;p_r_p__prpTelepulesKod=022&amp;p_r_p__prpMegyeKod=04#_onkeredmenyadatok_WAR_nvinvrportlet_tableTop\" data-type=\"URL\" data-id=\"https:\/\/www.valasztas.hu\/telepules-adatlap_onk2019?p_p_id=onkeredmenyadatok_WAR_nvinvrportlet&amp;p_p_lifecycle=1&amp;p_p_state=normal&amp;p_p_mode=view&amp;_onkeredmenyadatok_WAR_nvinvrportlet_tabId=tab1&amp;p_r_p__prpVlId=294&amp;p_r_p__prpVltId=687&amp;p_r_p__prpTelepulesKod=022&amp;p_r_p__prpMegyeKod=04#_onkeredmenyadatok_WAR_nvinvrportlet_tableTop\" target=\"_blank\" rel=\"noreferrer noopener\">2019<\/a><\/p>\n\n\n\n<p><a href=\"https:\/\/static.valasztas.hu\/dyn\/onk14\/szavossz\/hu\/M04\/T022\/tjk.html\" data-type=\"URL\" data-id=\"https:\/\/static.valasztas.hu\/dyn\/onk14\/szavossz\/hu\/M04\/T022\/tjk.html\" target=\"_blank\" rel=\"noreferrer noopener\">2014<\/a><\/p>\n\n\n\n<p><a href=\"https:\/\/static.valasztas.hu\/dyn\/ov10\/outroot\/onktjk1\/04\/tjk04022.htm\" data-type=\"URL\" data-id=\"https:\/\/static.valasztas.hu\/dyn\/ov10\/outroot\/onktjk1\/04\/tjk04022.htm\" target=\"_blank\" rel=\"noreferrer noopener\">2010<\/a><\/p>\n\n<\/div><\/details><\/div>\n\n<div class=\"lightweight-accordion\"><details><summary class=\"lightweight-accordion-title\"><span>Eur\u00f3pai parlamenti v\u00e1laszt\u00e1sok<\/span><\/summary><div class=\"lightweight-accordion-body\">\n\n<p><a href=\"https:\/\/www.valasztas.hu\/ep2019\" data-type=\"URL\" data-id=\"https:\/\/www.valasztas.hu\/ep2019\" target=\"_blank\" rel=\"noreferrer noopener\">2019<\/a><\/p>\n\n\n\n<p><a href=\"https:\/\/www.valasztas.hu\/60\" data-type=\"URL\" data-id=\"https:\/\/www.valasztas.hu\/60\" target=\"_blank\" rel=\"noreferrer noopener\">2014<\/a><\/p>\n\n\n\n<p><a href=\"https:\/\/www.valasztas.hu\/61\" data-type=\"URL\" data-id=\"https:\/\/www.valasztas.hu\/61\" target=\"_blank\" rel=\"noreferrer noopener\">2009<\/a><\/p>\n\n<\/div><\/details><\/div>","protected":false},"excerpt":{"rendered":"","protected":false},"author":5,"featured_media":0,"parent":0,"menu_order":0,"comment_status":"closed","ping_status":"closed","template":"","meta":{"footnotes":""},"class_list":["post-4201","page","type-page","status-publish","hentry"],"_links":{"self":[{"href":"http:\/\/gadoros.hu\/index.php?rest_route=\/wp\/v2\/pages\/4201"}],"collection":[{"href":"http:\/\/gadoros.hu\/index.php?rest_route=\/wp\/v2\/pages"}],"about":[{"href":"http:\/\/gadoros.hu\/index.php?rest_route=\/wp\/v2\/types\/page"}],"author":[{"embeddable":true,"href":"http:\/\/gadoros.hu\/index.php?rest_route=\/wp\/v2\/users\/5"}],"replies":[{"embeddable":true,"href":"http:\/\/gadoros.hu\/index.php?rest_route=%2Fwp%2Fv2%2Fcomments&post=4201"}],"version-history":[{"count":3,"href":"http:\/\/gadoros.hu\/index.php?rest_route=\/wp\/v2\/pages\/4201\/revisions"}],"predecessor-version":[{"id":4224,"href":"http:\/\/gadoros.hu\/index.php?rest_route=\/wp\/v2\/pages\/4201\/revisions\/4224"}],"wp:attachment":[{"href":"http:\/\/gadoros.hu\/index.php?rest_route=%2Fwp%2Fv2%2Fmedia&parent=4201"}],"curies":[{"name":"wp","href":"https:\/\/api.w.org\/{rel}","templated":true}]}}