{"id":4200,"date":"2023-10-27T12:11:33","date_gmt":"2023-10-27T10:11:33","guid":{"rendered":"http:\/\/www.gadoros.hu\/?page_id=4200"},"modified":"2023-10-27T12:30:04","modified_gmt":"2023-10-27T10:30:04","slug":"2024-evi-altalanos-valasztasok","status":"publish","type":"page","link":"http:\/\/gadoros.hu\/?page_id=4200","title":{"rendered":"2024. \u00e9vi \u00e1ltal\u00e1nos v\u00e1laszt\u00e1sok"},"content":{"rendered":"<div class=\"lightweight-accordion\"><details><summary class=\"lightweight-accordion-title\"><span><strong>V\u00e1laszt\u00f3polg\u00e1roknak<\/strong><\/span><\/summary><div class=\"lightweight-accordion-body\">\n\n<p>felt\u00f6lt\u00e9s alatt<\/p>\n\n<\/div><\/details><\/div>\n\n<div class=\"lightweight-accordion\"><details><summary class=\"lightweight-accordion-title\"><span><strong>Jel\u00f6lteknek<\/strong><\/span><\/summary><div class=\"lightweight-accordion-body\">\n\n<p>felt\u00f6lt\u00e9s alatt<\/p>\n\n<\/div><\/details><\/div>","protected":false},"excerpt":{"rendered":"","protected":false},"author":5,"featured_media":0,"parent":0,"menu_order":0,"comment_status":"closed","ping_status":"closed","template":"","meta":{"footnotes":""},"_links":{"self":[{"href":"http:\/\/gadoros.hu\/index.php?rest_route=\/wp\/v2\/pages\/4200"}],"collection":[{"href":"http:\/\/gadoros.hu\/index.php?rest_route=\/wp\/v2\/pages"}],"about":[{"href":"http:\/\/gadoros.hu\/index.php?rest_route=\/wp\/v2\/types\/page"}],"author":[{"embeddable":true,"href":"http:\/\/gadoros.hu\/index.php?rest_route=\/wp\/v2\/users\/5"}],"replies":[{"embeddable":true,"href":"http:\/\/gadoros.hu\/index.php?rest_route=%2Fwp%2Fv2%2Fcomments&post=4200"}],"version-history":[{"count":2,"href":"http:\/\/gadoros.hu\/index.php?rest_route=\/wp\/v2\/pages\/4200\/revisions"}],"predecessor-version":[{"id":4218,"href":"http:\/\/gadoros.hu\/index.php?rest_route=\/wp\/v2\/pages\/4200\/revisions\/4218"}],"wp:attachment":[{"href":"http:\/\/gadoros.hu\/index.php?rest_route=%2Fwp%2Fv2%2Fmedia&parent=4200"}],"curies":[{"name":"wp","href":"https:\/\/api.w.org\/{rel}","templated":true}]}}

2024. évi általános választások

<div class="lightweight-accordion"><details><summary class="lightweight-accordion-title"><span><strong>Választópolgároknak</strong></span></summary><div class="lightweight-accordion-body">

<p>feltöltés alatt</p>

</div></details></div>

<div class="lightweight-accordion"><details><summary class="lightweight-accordion-title"><span><strong>Jelölteknek</strong></span></summary><div class="lightweight-accordion-body">

<p>feltöltés alatt</p>

</div></details></div>
