{"id":4118,"date":"2023-09-19T13:19:27","date_gmt":"2023-09-19T11:19:27","guid":{"rendered":"http:\/\/www.gadoros.hu\/?page_id=4118"},"modified":"2023-09-19T13:25:13","modified_gmt":"2023-09-19T11:25:13","slug":"temeto","status":"publish","type":"page","link":"http:\/\/gadoros.hu\/?page_id=4118","title":{"rendered":"\u201e\u00d6nkorm\u00e1nyzati temet\u0151k infrastruktur\u00e1lis fejleszt\u00e9se\u201d MFP-\u00d6TIF\/2021"},"content":{"rendered":"<div class=\"wp-block-image\">\n<figure class=\"alignright is-resized\"><a href=\"http:\/\/gadoros.hu\/wp-content\/uploads\/2023\/05\/image.png\"><img loading=\"lazy\" decoding=\"async\" src=\"http:\/\/gadoros.hu\/wp-content\/uploads\/2023\/05\/image.png\" alt=\"\" class=\"wp-image-3932\" width=\"305\" height=\"316\"\/><\/a><\/figure><\/div>\n\n\n<p>Magyar Falu Program keret\u00e9ben\u00a0\u00a0&#8222;\u00d6nkorm\u00e1nyzati temet\u0151k infrastruktur\u00e1lis fejleszt\u00e9se\u201d\u00a0MFP-\u00d6TIF\/2021 k\u00f3dsz\u00e1m\u00fa p\u00e1ly\u00e1zat<\/p>\n\n\n\n<p><strong>Kedvezm\u00e9nyezett neve:<\/strong>&nbsp;G\u00e1doros Nagyk\u00f6zs\u00e9g \u00d6nkorm\u00e1nyzata<\/p>\n\n\n\n<p><strong>Projekt c\u00edme:<\/strong>\u00a0 G\u00e1dorosi k\u00f6ztemet\u0151 (hrsz: 2001) r\u00e9szleges j\u00e1rdafel\u00faj\u00edt\u00e1sa \u00e9s vil\u00e1g\u00edt\u00e1s korszer\u0171s\u00edt\u00e9se<\/p>\n\n\n\n<p><strong>Projekt tartalma:<\/strong>\u00a0 G\u00e1doros Nagyk\u00f6zs\u00e9g \u00d6nkorm\u00e1nyzata, a k\u00f6ztemet\u0151 bels\u0151 k\u00f6zleked\u00e9si \u00fatj\u00e1nak \u00fajj\u00e1\u00e9p\u00edt\u00e9s\u00e9t tervezte megval\u00f3s\u00edtani. 100 fm hosszban \u00faj t\u00e9rk\u00f6ves j\u00e1rda \u00e9p\u00fclt kerti szeg\u00e9llyel. Az \u00faj \u00fatburkolat 240 m2 \u00e9s 6 cm vastags\u00e1g\u00fa t\u00e9rk\u0151 burkolattal k\u00e9sz\u00fcl el. A megl\u00e9v\u0151 temet\u0151i l\u00e1mp\u00e1k egy r\u00e9sze elbont\u00e1sra ker\u00fclt \u00e9s 3 db \u00faj l\u00e1mpa ker\u00fclt elhelyez\u00e9sre.<\/p>\n\n\n\n<p><strong>T\u00e1mogat\u00e1s \u00f6sszege:<\/strong>\u00a04.997.120,- Ft<\/p>\n\n\n\n<p><strong>T\u00e1mogat\u00e1s m\u00e9rt\u00e9ke:&nbsp;<\/strong>100%<\/p>\n\n\n\n<p><strong>Megval\u00f3sul\u00e1s \u00e9ve:<\/strong>\u00a02023<\/p>\n","protected":false},"excerpt":{"rendered":"<p>Magyar Falu Program keret\u00e9ben\u00a0\u00a0&#8222;\u00d6nkorm\u00e1nyzati temet\u0151k infrastruktur\u00e1lis fejleszt\u00e9se\u201d\u00a0MFP-\u00d6TIF\/2021 k\u00f3dsz\u00e1m\u00fa p\u00e1ly\u00e1zat Kedvezm\u00e9nyezett neve:&nbsp;G\u00e1doros Nagyk\u00f6zs\u00e9g \u00d6nkorm\u00e1nyzata Projekt c\u00edme:\u00a0 G\u00e1dorosi k\u00f6ztemet\u0151 (hrsz: 2001) r\u00e9szleges j\u00e1rdafel\u00faj\u00edt\u00e1sa \u00e9s vil\u00e1g\u00edt\u00e1s korszer\u0171s\u00edt\u00e9se Projekt tartalma:\u00a0 G\u00e1doros Nagyk\u00f6zs\u00e9g \u00d6nkorm\u00e1nyzata, a k\u00f6ztemet\u0151 bels\u0151 k\u00f6zleked\u00e9si \u00fatj\u00e1nak \u00fajj\u00e1\u00e9p\u00edt\u00e9s\u00e9t tervezte megval\u00f3s\u00edtani. 100 fm hosszban \u00faj t\u00e9rk\u00f6ves j\u00e1rda \u00e9p\u00fclt kerti szeg\u00e9llyel. Az \u00faj \u00fatburkolat 240 m2 \u00e9s 6 cm vastags\u00e1g\u00fa [&hellip;]<\/p>\n","protected":false},"author":5,"featured_media":0,"parent":0,"menu_order":0,"comment_status":"closed","ping_status":"closed","template":"","meta":{"footnotes":""},"_links":{"self":[{"href":"http:\/\/gadoros.hu\/index.php?rest_route=\/wp\/v2\/pages\/4118"}],"collection":[{"href":"http:\/\/gadoros.hu\/index.php?rest_route=\/wp\/v2\/pages"}],"about":[{"href":"http:\/\/gadoros.hu\/index.php?rest_route=\/wp\/v2\/types\/page"}],"author":[{"embeddable":true,"href":"http:\/\/gadoros.hu\/index.php?rest_route=\/wp\/v2\/users\/5"}],"replies":[{"embeddable":true,"href":"http:\/\/gadoros.hu\/index.php?rest_route=%2Fwp%2Fv2%2Fcomments&post=4118"}],"version-history":[{"count":2,"href":"http:\/\/gadoros.hu\/index.php?rest_route=\/wp\/v2\/pages\/4118\/revisions"}],"predecessor-version":[{"id":4123,"href":"http:\/\/gadoros.hu\/index.php?rest_route=\/wp\/v2\/pages\/4118\/revisions\/4123"}],"wp:attachment":[{"href":"http:\/\/gadoros.hu\/index.php?rest_route=%2Fwp%2Fv2%2Fmedia&parent=4118"}],"curies":[{"name":"wp","href":"https:\/\/api.w.org\/{rel}","templated":true}]}}

„Önkormányzati temetők infrastrukturális fejlesztése” MFP-ÖTIF/2021

<div class="wp-block-image">
<figure class="alignright is-resized"><a href="http://gadoros.hu/wp-content/uploads/2023/05/image.png"><img loading="lazy" decoding="async" src="http://gadoros.hu/wp-content/uploads/2023/05/image.png" alt="" class="wp-image-3932" width="305" height="316"/></a></figure></div>


<p>Magyar Falu Program keretében  &#8222;Önkormányzati temetők infrastrukturális fejlesztése” MFP-ÖTIF/2021 kódszámú pályázat</p>



<p><strong>Kedvezményezett neve:</strong>&nbsp;Gádoros Nagyközség Önkormányzata</p>



<p><strong>Projekt címe:</strong>  Gádorosi köztemető (hrsz: 2001) részleges járdafelújítása és világítás korszerűsítése</p>



<p><strong>Projekt tartalma:</strong>  Gádoros Nagyközség Önkormányzata, a köztemető belső közlekedési útjának újjáépítését tervezte megvalósítani. 100 fm hosszban új térköves járda épült kerti szegéllyel. Az új útburkolat 240 m2 és 6 cm vastagságú térkő burkolattal készül el. A meglévő temetői lámpák egy része elbontásra került és 3 db új lámpa került elhelyezésre.</p>



<p><strong>Támogatás összege:</strong> 4.997.120,- Ft</p>



<p><strong>Támogatás mértéke:&nbsp;</strong>100%</p>



<p><strong>Megvalósulás éve:</strong> 2023</p>

<p>Magyar Falu Program keretében  &#8222;Önkormányzati temetők infrastrukturális fejlesztése” MFP-ÖTIF/2021 kódszámú pályázat Kedvezményezett neve:&nbsp;Gádoros Nagyközség Önkormányzata Projekt címe:  Gádorosi köztemető (hrsz: 2001) részleges járdafelújítása és világítás korszerűsítése Projekt tartalma:  Gádoros Nagyközség Önkormányzata, a köztemető belső közlekedési útjának újjáépítését tervezte megvalósítani. 100 fm hosszban új térköves járda épült kerti szegéllyel. Az új útburkolat 240 m2 és 6 cm vastagságú [&hellip;]</p>
