{"id":339,"date":"2014-03-20T11:11:01","date_gmt":"2014-03-20T11:11:01","guid":{"rendered":"http:\/\/test.gadoros.hu\/?page_id=339"},"modified":"2014-05-28T08:25:49","modified_gmt":"2014-05-28T08:25:49","slug":"gyerekszaj","status":"publish","type":"page","link":"http:\/\/gadoros.hu\/?page_id=339","title":{"rendered":"Gyereksz\u00e1j"},"content":{"rendered":"<p><strong><em>Gyereksz\u00e1j:<\/em><\/strong><\/p>\n<p><em>Nyuszi csoport:<\/em><\/p>\n<p>&#8222;Jaj, te \u00f6ssze-vissza kommunik\u00e1lsz!&#8221;<\/p>\n<p>&#8222;Nemsok\u00e1ra lesz \u00faj biciklim, mert a r\u00e9ginek kibicsaklott a kereke!&#8221;<\/p>\n<p><em>Katica csoport:<\/em><\/p>\n<p>Csal\u00e1drajz volt a vizu\u00e1lis t\u00e9mak\u00f6r. Egyik kisgyerek rajz\u00e1n a kisbaba az apuka has\u00e1ba lett rajzolva, ennek ok\u00e1t \u00e9rdekl\u0151dt\u00fck meg:<\/p>\n<p>&#8221; Apa onnan majd \u00e1tfikci\u00f3zza anya has\u00e1ba a kistes\u00f3t!&#8221;<\/p>\n<p><em>Maci csoport:<\/em><\/p>\n<p>\u00daj mond\u00f3k\u00e1t tanultunk a gyerekekkel el\u0151z\u0151 nap, az Itt a k\u00f6cs\u00f6g, mi van benne kezdet\u0171 mond\u00f3k\u00e1t. M\u00e1snap k\u00e9rdezt\u00fck a gyerekekt\u0151l, milyen mond\u00f3k\u00e1kat ismernek. N\u00e9mi hallgat\u00e1s ut\u00e1n egyik kisfi\u00fa megvil\u00e1gosodva felpattant:&#8221;\u00d3v\u00f3n\u00e9ni k\u00f6cs\u00f6g!&#8221;<\/p>\n<p><em>M\u00f3kus csoport:<\/em><\/p>\n<p>1. A gyerekekkel a sz\u0151nyegen \u00fclt\u00fcnk, kifele k\u00e9sz\u00fcl\u0151dt\u00fcnk, \u00edgy b\u00edztattam \u0151ket:&#8221; Mivel ilyen gy\u00f6ny\u00f6r\u0171en s\u00fct a nap, fogjuk h\u00e1t magunkat \u00e9s menj\u00fcnk ki j\u00e1tszani!&#8221; Egyik picur felpattan: &#8222;\u00c9n m\u00e1r megfogtam magam!&#8221;<\/p>\n","protected":false},"excerpt":{"rendered":"<p>Gyereksz\u00e1j: Nyuszi csoport: &#8222;Jaj, te \u00f6ssze-vissza kommunik\u00e1lsz!&#8221; &#8222;Nemsok\u00e1ra lesz \u00faj biciklim, mert a r\u00e9ginek kibicsaklott a kereke!&#8221; Katica csoport: Csal\u00e1drajz volt a vizu\u00e1lis t\u00e9mak\u00f6r. Egyik kisgyerek rajz\u00e1n a kisbaba az apuka has\u00e1ba lett rajzolva, ennek ok\u00e1t \u00e9rdekl\u0151dt\u00fck meg: &#8221; Apa onnan majd \u00e1tfikci\u00f3zza anya has\u00e1ba a kistes\u00f3t!&#8221; Maci csoport: \u00daj mond\u00f3k\u00e1t tanultunk a gyerekekkel el\u0151z\u0151 [&hellip;]<\/p>\n","protected":false},"author":1,"featured_media":0,"parent":58,"menu_order":0,"comment_status":"closed","ping_status":"closed","template":"","meta":{"footnotes":""},"_links":{"self":[{"href":"http:\/\/gadoros.hu\/index.php?rest_route=\/wp\/v2\/pages\/339"}],"collection":[{"href":"http:\/\/gadoros.hu\/index.php?rest_route=\/wp\/v2\/pages"}],"about":[{"href":"http:\/\/gadoros.hu\/index.php?rest_route=\/wp\/v2\/types\/page"}],"author":[{"embeddable":true,"href":"http:\/\/gadoros.hu\/index.php?rest_route=\/wp\/v2\/users\/1"}],"replies":[{"embeddable":true,"href":"http:\/\/gadoros.hu\/index.php?rest_route=%2Fwp%2Fv2%2Fcomments&post=339"}],"version-history":[{"count":1,"href":"http:\/\/gadoros.hu\/index.php?rest_route=\/wp\/v2\/pages\/339\/revisions"}],"predecessor-version":[{"id":340,"href":"http:\/\/gadoros.hu\/index.php?rest_route=\/wp\/v2\/pages\/339\/revisions\/340"}],"up":[{"embeddable":true,"href":"http:\/\/gadoros.hu\/index.php?rest_route=\/wp\/v2\/pages\/58"}],"wp:attachment":[{"href":"http:\/\/gadoros.hu\/index.php?rest_route=%2Fwp%2Fv2%2Fmedia&parent=339"}],"curies":[{"name":"wp","href":"https:\/\/api.w.org\/{rel}","templated":true}]}}

Gyerekszáj

<p><strong><em>Gyerekszáj:</em></strong></p>
<p><em>Nyuszi csoport:</em></p>
<p>&#8222;Jaj, te össze-vissza kommunikálsz!&#8221;</p>
<p>&#8222;Nemsokára lesz új biciklim, mert a réginek kibicsaklott a kereke!&#8221;</p>
<p><em>Katica csoport:</em></p>
<p>Családrajz volt a vizuális témakör. Egyik kisgyerek rajzán a kisbaba az apuka hasába lett rajzolva, ennek okát érdeklődtük meg:</p>
<p>&#8221; Apa onnan majd átfikciózza anya hasába a kistesót!&#8221;</p>
<p><em>Maci csoport:</em></p>
<p>Új mondókát tanultunk a gyerekekkel előző nap, az Itt a köcsög, mi van benne kezdetű mondókát. Másnap kérdeztük a gyerekektől, milyen mondókákat ismernek. Némi hallgatás után egyik kisfiú megvilágosodva felpattant:&#8221;Óvónéni köcsög!&#8221;</p>
<p><em>Mókus csoport:</em></p>
<p>1. A gyerekekkel a szőnyegen ültünk, kifele készülődtünk, így bíztattam őket:&#8221; Mivel ilyen gyönyörűen süt a nap, fogjuk hát magunkat és menjünk ki játszani!&#8221; Egyik picur felpattan: &#8222;Én már megfogtam magam!&#8221;</p>

<p>Gyerekszáj: Nyuszi csoport: &#8222;Jaj, te össze-vissza kommunikálsz!&#8221; &#8222;Nemsokára lesz új biciklim, mert a réginek kibicsaklott a kereke!&#8221; Katica csoport: Családrajz volt a vizuális témakör. Egyik kisgyerek rajzán a kisbaba az apuka hasába lett rajzolva, ennek okát érdeklődtük meg: &#8221; Apa onnan majd átfikciózza anya hasába a kistesót!&#8221; Maci csoport: Új mondókát tanultunk a gyerekekkel előző [&hellip;]</p>
