{"id":2592,"date":"2020-11-02T08:38:01","date_gmt":"2020-11-02T08:38:01","guid":{"rendered":"http:\/\/www.gadoros.hu\/?page_id=2592"},"modified":"2021-03-29T09:28:39","modified_gmt":"2021-03-29T09:28:39","slug":"vp6-7-2-1-7-4-1-2-16-kulteruleti-utak","status":"publish","type":"page","link":"http:\/\/gadoros.hu\/?page_id=2592","title":{"rendered":"VP6-7.2.1-7.4.1.2-16 &#8211; K\u00fclter\u00fcleti utak"},"content":{"rendered":"<p><span style=\"color: #0000ff;\"><em>Kedvezm\u00e9nyezett neve<\/em>:<\/span> <strong>G\u00e1doros Nagyk\u00f6zs\u00e9g \u00d6nkorm\u00e1nyzata<\/strong><\/p>\n<p><span style=\"color: #0000ff;\"><em>P\u00e1ly\u00e1zati felh\u00edv\u00e1s neve, k\u00f3dsz\u00e1ma: <\/em><\/span><strong>VP6-7.2.1-7.4.1.2-16 &#8211; A vid\u00e9ki t\u00e9rs\u00e9gek kism\u00e9ret\u0171 infrastrukt\u00far\u00e1j\u00e1nak \u00e9s alapvet\u0151 szolg\u00e1ltat\u00e1sainak fejleszt\u00e9s\u00e9re K\u00fclter\u00fcleti helyi k\u00f6zutak fejleszt\u00e9se, \u00f6nkorm\u00e1nyzati utak kezel\u00e9s\u00e9hez, \u00e1llapotjav\u00edt\u00e1s\u00e1hoz, karbantart\u00e1s\u00e1hoz sz\u00fcks\u00e9ges er\u0151- \u00e9s munkag\u00e9pek beszerz\u00e9se<\/strong><\/p>\n<p><span style=\"color: #0000ff;\"><em>Projekt c\u00edme, azonos\u00edt\u00f3 sz\u00e1ma: <\/em><\/span>G\u00e1doros 068 hrsz.-\u00fa k\u00fclter\u00fcleti \u00fat fel\u00faj\u00edt\u00e1sa,<\/p>\n<p>Projekt azonos\u00edt\u00f3: 1826706512<\/p>\n<p><span style=\"color: #0000ff;\"><em>Szerz\u0151d\u00f6tt t\u00e1mogat\u00e1s \u00f6sszege:<\/em><\/span> <strong>80\u00a0231 968,- HUF<\/strong><\/p>\n<p><span style=\"color: #0000ff;\"><em>T\u00e1mogat\u00e1s m\u00e9rt\u00e9ke: <\/em><\/span><strong>90 %<\/strong><\/p>\n<p><span style=\"color: #0000ff;\"><em>A projekt tartalm\u00e1nak r\u00f6vid bemutat\u00e1sa: <\/em>\u00a0<\/span><\/p>\n<p>G\u00e1doros Nagyk\u00f6zs\u00e9g \u00d6nkorm\u00e1nyzat \u201eK\u00fclter\u00fcleti helyi k\u00f6zutak fejleszt\u00e9se, \u00f6nkorm\u00e1nyzati utak kezel\u00e9s\u00e9hez, \u00e1llapotjav\u00edt\u00e1s\u00e1hoz, karbantart\u00e1s\u00e1hoz sz\u00fcks\u00e9ges er\u0151 \u00e9s munkag\u00e9pek beszerz\u00e9se\u201d c\u00edm\u0171, VP6-7.2.1-7.4.1.2-16 k\u00f3dsz\u00e1m\u00fa felh\u00edv\u00e1sra beny\u00fajtott p\u00e1ly\u00e1zat\u00e1nak szakmai eredm\u00e9nyei:<\/p>\n<p>A felh\u00edv\u00e1s 1. c\u00e9lter\u00fclete vonatkoz\u00e1s\u00e1ban ny\u00fajtott be az \u00d6nkorm\u00e1nyzat t\u00e1mogat\u00e1si k\u00e9relmet.<\/p>\n<ol>\n<li>c\u00e9lter\u00fclet keret\u00e9n bel\u00fcl megval\u00f3s\u00edtott beruh\u00e1z\u00e1s:<br \/>\nG\u00e1doros 068 hrsz.-\u00fa k\u00fclter\u00fcleti \u00fat stabiliz\u00e1l\u00e1sa 2021 m hosszan.<\/li>\n<\/ol>\n<p><span style=\"color: #0000ff;\"><em>A projekt t\u00e9nyleges befejez\u00e9si d\u00e1tuma: <\/em><\/span><strong>2021.03.10.<\/strong><\/p>\n<p><span style=\"color: #0000ff;\"><em>A projekt tartalm\u00e1nak bemutat\u00e1sa<\/em><\/span><\/p>\n<p>A megval\u00f3s\u00edtott beruh\u00e1z\u00e1s nagyban hozz\u00e1seg\u00edti az \u00f6nkorm\u00e1nyzatot a k\u00fclter\u00fcleti utak karbantart\u00e1s\u00e1hoz, ami k\u00f6telez\u0151 \u00f6nkorm\u00e1nyzati feladat. C\u00e9lunk az \u00f6nkorm\u00e1nyzati k\u00fclter\u00fcleti f\u00f6ldutak stabiliz\u00e1l\u00e1sa, a projekt G\u00e1doros 068 hrsz-\u00fa k\u00fclter\u00fcleti \u00fat elhaszn\u00e1l\u00f3dott \u00fatalap er\u0151s\u00edt\u00e9s\u00e9t \u00e9s sz\u00e9les\u00edt\u00e9s\u00e9t, fel\u00faj\u00edt\u00e1s\u00e1t tartalmazta.<\/p>\n<p>Projekt teljes k\u00f6lts\u00e9ge t\u00e1mogat\u00f3i okirat szerint: 89\u00a0146 637 Ft, Projekt elsz\u00e1molhat\u00f3 k\u00f6lts\u00e9gei \u00f6sszesen: 89\u00a0146 632 Ft. A Projekt nem elsz\u00e1molhat\u00f3 k\u00f6lts\u00e9gei \u00f6sszesen: 5 Ft. T\u00e1mogat\u00e1s \u00f6sszege: 80\u00a0231 968 Ft, \u00d6ner\u0151: 8\u00a0914 669 Ft.<\/p>\n","protected":false},"excerpt":{"rendered":"<p>Kedvezm\u00e9nyezett neve: G\u00e1doros Nagyk\u00f6zs\u00e9g \u00d6nkorm\u00e1nyzata P\u00e1ly\u00e1zati felh\u00edv\u00e1s neve, k\u00f3dsz\u00e1ma: VP6-7.2.1-7.4.1.2-16 &#8211; A vid\u00e9ki t\u00e9rs\u00e9gek kism\u00e9ret\u0171 infrastrukt\u00far\u00e1j\u00e1nak \u00e9s alapvet\u0151 szolg\u00e1ltat\u00e1sainak fejleszt\u00e9s\u00e9re K\u00fclter\u00fcleti helyi k\u00f6zutak fejleszt\u00e9se, \u00f6nkorm\u00e1nyzati utak kezel\u00e9s\u00e9hez, \u00e1llapotjav\u00edt\u00e1s\u00e1hoz, karbantart\u00e1s\u00e1hoz sz\u00fcks\u00e9ges er\u0151- \u00e9s munkag\u00e9pek beszerz\u00e9se Projekt c\u00edme, azonos\u00edt\u00f3 sz\u00e1ma: G\u00e1doros 068 hrsz.-\u00fa k\u00fclter\u00fcleti \u00fat fel\u00faj\u00edt\u00e1sa, Projekt azonos\u00edt\u00f3: 1826706512 Szerz\u0151d\u00f6tt t\u00e1mogat\u00e1s \u00f6sszege: 80\u00a0231 968,- HUF T\u00e1mogat\u00e1s m\u00e9rt\u00e9ke: [&hellip;]<\/p>\n","protected":false},"author":3,"featured_media":0,"parent":0,"menu_order":0,"comment_status":"closed","ping_status":"closed","template":"","meta":{"footnotes":""},"_links":{"self":[{"href":"http:\/\/gadoros.hu\/index.php?rest_route=\/wp\/v2\/pages\/2592"}],"collection":[{"href":"http:\/\/gadoros.hu\/index.php?rest_route=\/wp\/v2\/pages"}],"about":[{"href":"http:\/\/gadoros.hu\/index.php?rest_route=\/wp\/v2\/types\/page"}],"author":[{"embeddable":true,"href":"http:\/\/gadoros.hu\/index.php?rest_route=\/wp\/v2\/users\/3"}],"replies":[{"embeddable":true,"href":"http:\/\/gadoros.hu\/index.php?rest_route=%2Fwp%2Fv2%2Fcomments&post=2592"}],"version-history":[{"count":4,"href":"http:\/\/gadoros.hu\/index.php?rest_route=\/wp\/v2\/pages\/2592\/revisions"}],"predecessor-version":[{"id":2847,"href":"http:\/\/gadoros.hu\/index.php?rest_route=\/wp\/v2\/pages\/2592\/revisions\/2847"}],"wp:attachment":[{"href":"http:\/\/gadoros.hu\/index.php?rest_route=%2Fwp%2Fv2%2Fmedia&parent=2592"}],"curies":[{"name":"wp","href":"https:\/\/api.w.org\/{rel}","templated":true}]}}