{"id":1644,"date":"2019-07-09T09:22:05","date_gmt":"2019-07-09T09:22:05","guid":{"rendered":"http:\/\/www.gadoros.hu\/?page_id=1644"},"modified":"2019-07-09T09:22:05","modified_gmt":"2019-07-09T09:22:05","slug":"online-ugyintezes-tajekoztatok","status":"publish","type":"page","link":"http:\/\/gadoros.hu\/?page_id=1644","title":{"rendered":"Online \u00fcgyint\u00e9z\u00e9s t\u00e1j\u00e9koztat\u00f3k"},"content":{"rendered":"\n<p><\/p>\n\n\n\n<figure class=\"wp-block-embed-youtube wp-block-embed is-type-video is-provider-youtube wp-embed-aspect-16-9 wp-has-aspect-ratio\"><div class=\"wp-block-embed__wrapper\">\n<iframe loading=\"lazy\" title=\"\u00d6nkorm\u00e1nyzati \u00fcgyint\u00e9z\u00e9s b\u00e1rhol, b\u00e1rmikor - 1.\" width=\"625\" height=\"352\" src=\"https:\/\/www.youtube.com\/embed\/HUVBW-I4KpQ?feature=oembed\" frameborder=\"0\" allow=\"accelerometer; autoplay; clipboard-write; encrypted-media; gyroscope; picture-in-picture; web-share\" referrerpolicy=\"strict-origin-when-cross-origin\" allowfullscreen><\/iframe>\n<\/div><figcaption>Egy v\u00e1llalkoz\u00e1s \u00fczemeltet\u00e9se sosem egyszer\u0171 feladat, de a helyi ipar\u0171z\u00e9si ad\u00f3 bevall\u00e1s m\u00e1r nem jelent gondot. <\/figcaption><\/figure>\n\n\n\n<figure class=\"wp-block-embed-youtube wp-block-embed is-type-video is-provider-youtube wp-embed-aspect-16-9 wp-has-aspect-ratio\"><div class=\"wp-block-embed__wrapper\">\n<iframe loading=\"lazy\" title=\"\u00d6nkorm\u00e1nyzati \u00fcgyint\u00e9z\u00e9s b\u00e1rhol, b\u00e1rmikor - 2.\" width=\"625\" height=\"352\" src=\"https:\/\/www.youtube.com\/embed\/SVrS8mKM5As?feature=oembed\" frameborder=\"0\" allow=\"accelerometer; autoplay; clipboard-write; encrypted-media; gyroscope; picture-in-picture; web-share\" referrerpolicy=\"strict-origin-when-cross-origin\" allowfullscreen><\/iframe>\n<\/div><figcaption>Egy \u00faj iroda berendez\u00e9se sosem egyszer\u0171 feladat, de az ad\u00f3egyenleg lek\u00e9rdez\u00e9se m\u00e1r nem jelent gondot.<\/figcaption><\/figure>\n\n\n\n<figure class=\"wp-block-embed-youtube wp-block-embed is-type-video is-provider-youtube wp-embed-aspect-16-9 wp-has-aspect-ratio\"><div class=\"wp-block-embed__wrapper\">\n<iframe loading=\"lazy\" title=\"\u00d6nkorm\u00e1nyzati \u00fcgyint\u00e9z\u00e9s b\u00e1rhol, b\u00e1rmikor - 3.\" width=\"625\" height=\"352\" src=\"https:\/\/www.youtube.com\/embed\/CozRxAKvsNU?feature=oembed\" frameborder=\"0\" allow=\"accelerometer; autoplay; clipboard-write; encrypted-media; gyroscope; picture-in-picture; web-share\" referrerpolicy=\"strict-origin-when-cross-origin\" allowfullscreen><\/iframe>\n<\/div><figcaption>Az \u00faj szok\u00e1sok kialak\u00edt\u00e1sa sosem egyszer\u0171 feladat, de a g\u00e9pj\u00e1rm\u0171ad\u00f3 mentess\u00e9g bejelent\u00e9se m\u00e1r nem jelent gondot.<\/figcaption><\/figure>\n\n\n\n<figure class=\"wp-block-embed-youtube wp-block-embed is-type-video is-provider-youtube wp-embed-aspect-16-9 wp-has-aspect-ratio\"><div class=\"wp-block-embed__wrapper\">\n<iframe loading=\"lazy\" title=\"\u00d6nkorm\u00e1nyzati \u00fcgyint\u00e9z\u00e9s b\u00e1rhol, b\u00e1rmikor - 4.\" width=\"625\" height=\"352\" src=\"https:\/\/www.youtube.com\/embed\/ZBJ-tAHXKXE?feature=oembed\" frameborder=\"0\" allow=\"accelerometer; autoplay; clipboard-write; encrypted-media; gyroscope; picture-in-picture; web-share\" referrerpolicy=\"strict-origin-when-cross-origin\" allowfullscreen><\/iframe>\n<\/div><figcaption>Egy sz\u00e1ll\u00e1shely beind\u00edt\u00e1sa sosem egyszer\u0171 feladat, de annak nyilv\u00e1ntart\u00e1sba v\u00e9tele m\u00e1r nem jelent gondot. <\/figcaption><\/figure>\n\n\n\n<figure class=\"wp-block-embed-youtube wp-block-embed is-type-video is-provider-youtube wp-embed-aspect-16-9 wp-has-aspect-ratio\"><div class=\"wp-block-embed__wrapper\">\n<iframe loading=\"lazy\" title=\"\u00d6nkorm\u00e1nyzati \u00fcgyint\u00e9z\u00e9s b\u00e1rhol, b\u00e1rmikor - 5.\" width=\"625\" height=\"352\" src=\"https:\/\/www.youtube.com\/embed\/txf1V52_ilY?feature=oembed\" frameborder=\"0\" allow=\"accelerometer; autoplay; clipboard-write; encrypted-media; gyroscope; picture-in-picture; web-share\" referrerpolicy=\"strict-origin-when-cross-origin\" allowfullscreen><\/iframe>\n<\/div><figcaption>Egy esk\u00fcv\u0151 megszervez\u00e9se sosem egyszer\u0171 feladat, de a sz\u00fclet\u00e9si anyak\u00f6nyvi kivonat ki\u00e1ll\u00edt\u00e1sa m\u00e1r nem jelent gondot. <\/figcaption><\/figure>\n\n\n\n<figure class=\"wp-block-embed-youtube wp-block-embed is-type-video is-provider-youtube wp-embed-aspect-16-9 wp-has-aspect-ratio\"><div class=\"wp-block-embed__wrapper\">\n<iframe loading=\"lazy\" title=\"\u00d6nkorm\u00e1nyzati \u00fcgyint\u00e9z\u00e9s b\u00e1rhol, b\u00e1rmikor - 6.\" width=\"625\" height=\"352\" src=\"https:\/\/www.youtube.com\/embed\/VD1WFLI__WU?feature=oembed\" frameborder=\"0\" allow=\"accelerometer; autoplay; clipboard-write; encrypted-media; gyroscope; picture-in-picture; web-share\" referrerpolicy=\"strict-origin-when-cross-origin\" allowfullscreen><\/iframe>\n<\/div><figcaption>Egy v\u00e1llalkoz\u00e1s b\u0151v\u00edt\u00e9se sosem egyszer\u0171 feladat, de a behajt\u00e1si enged\u00e9lyek k\u00e9r\u00e9se m\u00e1r nem jelent gondot.<\/figcaption><\/figure>\n\n\n\n<figure class=\"wp-block-embed-youtube wp-block-embed is-type-video is-provider-youtube wp-embed-aspect-16-9 wp-has-aspect-ratio\"><div class=\"wp-block-embed__wrapper\">\n<iframe loading=\"lazy\" title=\"\u00d6nkorm\u00e1nyzati \u00fcgyint\u00e9z\u00e9s b\u00e1rhol, b\u00e1rmikor - 7.\" width=\"625\" height=\"352\" src=\"https:\/\/www.youtube.com\/embed\/p0ge6K_Mjsg?feature=oembed\" frameborder=\"0\" allow=\"accelerometer; autoplay; clipboard-write; encrypted-media; gyroscope; picture-in-picture; web-share\" referrerpolicy=\"strict-origin-when-cross-origin\" allowfullscreen><\/iframe>\n<\/div><figcaption>A tov\u00e1bbtanul\u00e1s finansz\u00edroz\u00e1sa sosem egyszer\u0171 feladat, de a szoci\u00e1lis t\u00e1mogat\u00e1si k\u00e9relem beny\u00fajt\u00e1sa nem jelent gondot. <\/figcaption><\/figure>\n\n\n\n<p class=\"wp-block-pdfemb-pdf-embedder-viewer\"><\/p>\n\n\n\n<p class=\"wp-block-pdfemb-pdf-embedder-viewer\"><\/p>\n\n\n\n<p class=\"wp-block-pdfemb-pdf-embedder-viewer\"><\/p>\n","protected":false},"excerpt":{"rendered":"","protected":false},"author":3,"featured_media":0,"parent":0,"menu_order":0,"comment_status":"closed","ping_status":"closed","template":"","meta":{"footnotes":""},"_links":{"self":[{"href":"http:\/\/gadoros.hu\/index.php?rest_route=\/wp\/v2\/pages\/1644"}],"collection":[{"href":"http:\/\/gadoros.hu\/index.php?rest_route=\/wp\/v2\/pages"}],"about":[{"href":"http:\/\/gadoros.hu\/index.php?rest_route=\/wp\/v2\/types\/page"}],"author":[{"embeddable":true,"href":"http:\/\/gadoros.hu\/index.php?rest_route=\/wp\/v2\/users\/3"}],"replies":[{"embeddable":true,"href":"http:\/\/gadoros.hu\/index.php?rest_route=%2Fwp%2Fv2%2Fcomments&post=1644"}],"version-history":[{"count":2,"href":"http:\/\/gadoros.hu\/index.php?rest_route=\/wp\/v2\/pages\/1644\/revisions"}],"predecessor-version":[{"id":1646,"href":"http:\/\/gadoros.hu\/index.php?rest_route=\/wp\/v2\/pages\/1644\/revisions\/1646"}],"wp:attachment":[{"href":"http:\/\/gadoros.hu\/index.php?rest_route=%2Fwp%2Fv2%2Fmedia&parent=1644"}],"curies":[{"name":"wp","href":"https:\/\/api.w.org\/{rel}","templated":true}]}}