{"id":1087,"date":"2018-04-23T13:24:47","date_gmt":"2018-04-23T13:24:47","guid":{"rendered":"http:\/\/www.gadoros.hu\/?page_id=1087"},"modified":"2018-04-23T13:24:47","modified_gmt":"2018-04-23T13:24:47","slug":"top-4-2-1-15-bs1-2016-00035-gondozasi-kozpont-dokumentumtar","status":"publish","type":"page","link":"http:\/\/gadoros.hu\/?page_id=1087","title":{"rendered":"TOP-4.2.1-15-BS1-2016-00035 \u2013 Gondoz\u00e1si K\u00f6zpont &#8211; Dokumentumt\u00e1r"},"content":{"rendered":"<p>[wpfilebase tag=list id=113 pagenav=1 \/]<\/p>\n","protected":false},"excerpt":{"rendered":"<p>[wpfilebase tag=list id=113 pagenav=1 \/]<\/p>\n","protected":false},"author":1,"featured_media":0,"parent":0,"menu_order":0,"comment_status":"closed","ping_status":"closed","template":"","meta":{"footnotes":""},"_links":{"self":[{"href":"http:\/\/gadoros.hu\/index.php?rest_route=\/wp\/v2\/pages\/1087"}],"collection":[{"href":"http:\/\/gadoros.hu\/index.php?rest_route=\/wp\/v2\/pages"}],"about":[{"href":"http:\/\/gadoros.hu\/index.php?rest_route=\/wp\/v2\/types\/page"}],"author":[{"embeddable":true,"href":"http:\/\/gadoros.hu\/index.php?rest_route=\/wp\/v2\/users\/1"}],"replies":[{"embeddable":true,"href":"http:\/\/gadoros.hu\/index.php?rest_route=%2Fwp%2Fv2%2Fcomments&post=1087"}],"version-history":[{"count":1,"href":"http:\/\/gadoros.hu\/index.php?rest_route=\/wp\/v2\/pages\/1087\/revisions"}],"predecessor-version":[{"id":1088,"href":"http:\/\/gadoros.hu\/index.php?rest_route=\/wp\/v2\/pages\/1087\/revisions\/1088"}],"wp:attachment":[{"href":"http:\/\/gadoros.hu\/index.php?rest_route=%2Fwp%2Fv2%2Fmedia&parent=1087"}],"curies":[{"name":"wp","href":"https:\/\/api.w.org\/{rel}","templated":true}]}}